Last updated on 2023-05-28 07:57:31 CEST.
Flavor | Version | Tinstall | Tcheck | Ttotal | Status | Flags |
---|---|---|---|---|---|---|
r-devel-linux-x86_64-debian-clang | 0.2.0 | 6.88 | 81.79 | 88.67 | OK | |
r-devel-linux-x86_64-debian-gcc | 0.2.0 | 5.13 | 62.10 | 67.23 | OK | |
r-devel-linux-x86_64-fedora-clang | 0.2.0 | 109.61 | NOTE | |||
r-devel-linux-x86_64-fedora-gcc | 0.2.0 | 110.09 | OK | |||
r-devel-windows-x86_64 | 0.2.0 | 9.00 | 79.00 | 88.00 | OK | |
r-patched-linux-x86_64 | 0.2.0 | 6.11 | 78.58 | 84.69 | OK | |
r-release-linux-x86_64 | 0.2.0 | 6.26 | 78.49 | 84.75 | OK | |
r-release-macos-arm64 | 0.2.0 | 34.00 | OK | |||
r-release-macos-x86_64 | 0.2.0 | 53.00 | OK | |||
r-release-windows-x86_64 | 0.2.0 | 10.00 | 93.00 | 103.00 | OK | |
r-oldrel-macos-arm64 | 0.2.0 | 40.00 | OK | |||
r-oldrel-macos-x86_64 | 0.2.0 | 51.00 | OK | |||
r-oldrel-windows-x86_64 | 0.2.0 | 11.00 | 102.00 | 113.00 | OK |
Version: 0.2.0
Check: Rd cross-references
Result: NOTE
Undeclared package ‘ggdensity’ in Rd xrefs
Flavor: r-devel-linux-x86_64-fedora-clang