Last updated on 2021-04-21 05:48:37 CEST.
Flavor | Version | Tinstall | Tcheck | Ttotal | Status | Flags |
---|---|---|---|---|---|---|
r-devel-linux-x86_64-debian-clang | 3.3.3 | 25.72 | 420.89 | 446.61 | OK | |
r-devel-linux-x86_64-debian-gcc | 3.3.3 | 19.79 | 300.17 | 319.96 | OK | |
r-devel-linux-x86_64-fedora-clang | 3.3.3 | 530.96 | NOTE | |||
r-devel-linux-x86_64-fedora-gcc | 3.3.3 | 495.83 | NOTE | |||
r-devel-windows-ix86+x86_64 | 3.3.3 | 38.00 | 355.00 | 393.00 | OK | |
r-devel-windows-x86_64-gcc10-UCRT | 3.3.3 | NOTE | ||||
r-patched-linux-x86_64 | 3.3.3 | 32.66 | 383.85 | 416.51 | OK | |
r-patched-solaris-x86 | 3.3.3 | 603.40 | NOTE | |||
r-release-linux-x86_64 | 3.3.3 | 28.02 | 380.91 | 408.93 | OK | |
r-release-macos-x86_64 | 3.3.3 | NOTE | ||||
r-release-windows-ix86+x86_64 | 3.3.3 | 42.00 | 495.00 | 537.00 | OK | |
r-oldrel-macos-x86_64 | 3.3.3 | NOTE | ||||
r-oldrel-windows-ix86+x86_64 | 3.3.3 | 64.00 | 551.00 | 615.00 | OK |
Version: 3.3.3
Check: dependencies in R code
Result: NOTE
Namespace in Imports field not imported from: ‘mgcv’
All declared Imports should be used.
Flavors: r-devel-linux-x86_64-fedora-clang, r-devel-linux-x86_64-fedora-gcc, r-devel-windows-x86_64-gcc10-UCRT, r-patched-solaris-x86, r-release-macos-x86_64, r-oldrel-macos-x86_64
Version: 3.3.3
Check: installed package size
Result: NOTE
installed size is 5.2Mb
sub-directories of 1Mb or more:
R 1.3Mb
doc 2.0Mb
Flavor: r-patched-solaris-x86