CRAN Package Check Results for Package ggplot2

Last updated on 2018-11-21 20:53:53 CET.

Flavor Version Tinstall Tcheck Ttotal Status Flags
r-devel-linux-x86_64-debian-clang 3.1.0 15.09 346.17 361.26 OK
r-devel-linux-x86_64-debian-gcc 3.1.0 15.46 256.55 272.01 OK
r-devel-linux-x86_64-fedora-clang 3.1.0 409.33 NOTE
r-devel-linux-x86_64-fedora-gcc 3.1.0 385.12 NOTE
r-devel-windows-ix86+x86_64 3.1.0 36.00 463.00 499.00 OK
r-patched-linux-x86_64 3.1.0 18.48 331.77 350.25 OK
r-patched-solaris-x86 3.1.0 540.60 NOTE
r-release-linux-x86_64 3.1.0 18.48 332.73 351.21 OK
r-release-windows-ix86+x86_64 3.1.0 27.00 470.00 497.00 OK
r-release-osx-x86_64 3.1.0 NOTE
r-oldrel-windows-ix86+x86_64 3.1.0 15.00 382.00 397.00 OK
r-oldrel-osx-x86_64 3.1.0 NOTE

Check Details

Version: 3.1.0
Check: dependencies in R code
Result: NOTE
    Namespaces in Imports field not imported from:
     ‘mgcv’ ‘reshape2’ ‘viridisLite’
     All declared Imports should be used.
Flavors: r-devel-linux-x86_64-fedora-clang, r-devel-linux-x86_64-fedora-gcc, r-patched-solaris-x86, r-release-osx-x86_64, r-oldrel-osx-x86_64