CRAN Package Check Results for Package ggplot2

Last updated on 2022-01-23 02:56:12 CET.

Flavor Version Tinstall Tcheck Ttotal Status Flags
r-devel-linux-x86_64-debian-clang 3.3.5 27.21 428.26 455.47 OK
r-devel-linux-x86_64-debian-gcc 3.3.5 21.90 304.98 326.88 OK
r-devel-linux-x86_64-fedora-clang 3.3.5 516.85 NOTE
r-devel-linux-x86_64-fedora-gcc 3.3.5 502.33 NOTE
r-devel-windows-x86_64-new-UL 3.3.5 692.00 535.00 1227.00 OK
r-devel-windows-x86_64-new-TK 3.3.5 NOTE
r-patched-linux-x86_64 3.3.5 33.82 379.33 413.15 OK
r-release-linux-x86_64 3.3.5 24.53 384.12 408.65 OK
r-release-macos-arm64 3.3.5 NOTE
r-release-macos-x86_64 3.3.5 NOTE
r-release-windows-ix86+x86_64 3.3.5 42.00 488.00 530.00 OK
r-oldrel-macos-x86_64 3.3.5 NOTE
r-oldrel-windows-ix86+x86_64 3.3.5 42.00 468.00 510.00 OK

Check Details

Version: 3.3.5
Check: dependencies in R code
Result: NOTE
    Namespace in Imports field not imported from: ‘mgcv’
     All declared Imports should be used.
Flavors: r-devel-linux-x86_64-fedora-clang, r-devel-linux-x86_64-fedora-gcc, r-devel-windows-x86_64-new-TK, r-release-macos-arm64, r-release-macos-x86_64, r-oldrel-macos-x86_64

Version: 3.3.5
Check: installed package size
Result: NOTE
     installed size is 5.9Mb
     sub-directories of 1Mb or more:
     R 2.0Mb
     doc 1.9Mb
Flavor: r-release-macos-arm64