CRAN Package Check Results for Package ggplot2

Last updated on 2017-04-29 23:50:23.

Flavor Version Tinstall Tcheck Ttotal Status Flags
r-devel-linux-x86_64-debian-clang 2.2.1 3.88 180.78 184.66 OK
r-devel-linux-x86_64-debian-gcc 2.2.1 3.95 179.29 183.24 OK
r-devel-linux-x86_64-fedora-clang 2.2.1 349.48 NOTE --no-stop-on-test-error
r-devel-linux-x86_64-fedora-gcc 2.2.1 334.87 NOTE --no-stop-on-test-error
r-devel-windows-ix86+x86_64 2.2.1 19.00 393.00 412.00 OK
r-patched-linux-x86_64 2.2.1 3.82 180.65 184.47 OK
r-patched-solaris-sparc 2.2.1 1898.60 ERROR
r-patched-solaris-x86 2.2.1 372.70 ERROR
r-release-linux-x86_64 2.2.1 4.00 184.44 188.43 OK
r-release-windows-ix86+x86_64 2.2.1 16.00 394.00 410.00 OK
r-release-osx-x86_64 2.2.1 NOTE
r-oldrel-windows-ix86+x86_64 2.2.1 22.00 378.00 400.00 OK
r-oldrel-osx-x86_64 2.2.1 NOTE

Check Details

Version: 2.2.1
Flags: --no-stop-on-test-error
Check: dependencies in R code
Result: NOTE
    Namespace in Imports field not imported from: ‘reshape2’
     All declared Imports should be used.
Flavors: r-devel-linux-x86_64-fedora-clang, r-devel-linux-x86_64-fedora-gcc

Version: 2.2.1
Check: dependencies in R code
Result: NOTE
    Namespace in Imports field not imported from: ‘reshape2’
     All declared Imports should be used.
Flavors: r-patched-solaris-sparc, r-patched-solaris-x86, r-release-osx-x86_64, r-oldrel-osx-x86_64

Version: 2.2.1
Check: tests
Result: ERROR
     Running ‘testthat.R’ [153s/153s]
    Running the tests in ‘tests/testthat.R’ failed.
    Complete output:
     > library(testthat)
     > library(ggplot2)
     >
     > test_check("ggplot2")
     1. Failure: inherits timezone from data (@test-scale-date.R#18) ----------------
     sc$timezone not equal to NULL.
     Types not compatible: character vs NULL
    
    
     testthat results ================================================================
     OK: 804 SKIPPED: 0 FAILED: 1
     1. Failure: inherits timezone from data (@test-scale-date.R#18)
    
     Error: testthat unit tests failed
     Execution halted
Flavor: r-patched-solaris-sparc

Version: 2.2.1
Check: tests
Result: ERROR
     Running ‘testthat.R’ [28s/34s]
    Running the tests in ‘tests/testthat.R’ failed.
    Complete output:
     > library(testthat)
     > library(ggplot2)
     >
     > test_check("ggplot2")
     1. Failure: inherits timezone from data (@test-scale-date.R#18) ----------------
     sc$timezone not equal to NULL.
     Types not compatible: character vs NULL
    
    
     testthat results ================================================================
     OK: 804 SKIPPED: 0 FAILED: 1
     1. Failure: inherits timezone from data (@test-scale-date.R#18)
    
     Error: testthat unit tests failed
     Execution halted
Flavor: r-patched-solaris-x86