CRAN Package Check Results for Package ggplot2

Last updated on 2019-02-16 20:46:20 CET.

Flavor Version Tinstall Tcheck Ttotal Status Flags
r-devel-linux-x86_64-debian-clang 3.1.0 18.88 354.23 373.11 OK
r-devel-linux-x86_64-debian-gcc 3.1.0 13.89 259.14 273.03 OK
r-devel-linux-x86_64-fedora-clang 3.1.0 424.51 NOTE
r-devel-linux-x86_64-fedora-gcc 3.1.0 409.57 NOTE
r-devel-windows-ix86+x86_64 3.1.0 36.00 462.00 498.00 WARN
r-patched-linux-x86_64 3.1.0 16.33 336.00 352.33 OK
r-patched-solaris-x86 3.1.0 543.60 NOTE
r-release-linux-x86_64 3.1.0 OK
r-release-windows-ix86+x86_64 3.1.0 24.00 352.00 376.00 WARN
r-release-osx-x86_64 3.1.0 NOTE
r-oldrel-windows-ix86+x86_64 3.1.0 33.00 543.00 576.00 WARN
r-oldrel-osx-x86_64 3.1.0 NOTE

Check Details

Version: 3.1.0
Check: dependencies in R code
Result: NOTE
    Namespaces in Imports field not imported from:
     ‘mgcv’ ‘reshape2’ ‘viridisLite’
     All declared Imports should be used.
Flavors: r-devel-linux-x86_64-fedora-clang, r-devel-linux-x86_64-fedora-gcc, r-patched-solaris-x86, r-release-osx-x86_64, r-oldrel-osx-x86_64

Version: 3.1.0
Check: whether package can be installed
Result: WARN
    Found the following significant warnings:
     Warning: S3 methods '[.fun_list', '[.grouped_df', 'all.equal.tbl_df', 'anti_join.data.frame', 'anti_join.tbl_df', 'arrange.data.frame', 'arrange.default', 'arrange.grouped_df', 'arrange.tbl_df', 'arrange_.data.frame', 'arrange_.tbl_df', 'as.data.frame.grouped_df', 'as.data.frame.rowwise_df', 'as.data.frame.tbl_cube', 'as.table.tbl_cube', 'as.tbl.data.frame', 'as.tbl.tbl', 'as.tbl_cube.array', 'as.tbl_cube.data.frame', 'as.tbl_cube.matrix', 'as.tbl_cube.table', 'as_tibble.grouped_df', 'as_tibble.tbl_cube', 'auto_copy.tbl_cube', 'auto_copy.tbl_df', 'cbind.grouped_df', 'collapse.data.frame', 'collect.data.frame', 'common_by.NULL', 'common_by.character', 'common_by.default', 'common_by.list', 'compute.data.frame', 'copy_to.DBIConnection', 'copy_to.src_local', 'default_missing.data.frame', 'default_missing.default', 'dim.tbl_cube', 'distinct.data.frame', 'distinct.default', 'distinct.grouped_df', 'distinct.tbl_df', 'distinct_.data.frame', 'distinct_.grouped_df', 'distinct_.tbl_df', 'do.NULL', 'do.da [... truncated]
Flavors: r-devel-windows-ix86+x86_64, r-release-windows-ix86+x86_64, r-oldrel-windows-ix86+x86_64