CRAN Package Check Results for Package ggplot2

Last updated on 2018-06-25 17:49:41 CEST.

Flavor Version Tinstall Tcheck Ttotal Status Flags
r-devel-linux-x86_64-debian-clang 2.2.1 15.74 219.66 235.40 OK
r-devel-linux-x86_64-debian-gcc 2.2.1 12.46 204.21 216.67 OK
r-devel-linux-x86_64-fedora-clang 2.2.1 324.77 NOTE
r-devel-linux-x86_64-fedora-gcc 2.2.1 314.03 NOTE
r-devel-windows-ix86+x86_64 2.2.1 37.00 315.00 352.00 OK
r-patched-linux-x86_64 2.2.1 12.60 258.61 271.21 OK
r-patched-solaris-x86 2.2.1 402.90 ERROR
r-release-linux-x86_64 2.2.1 11.73 259.27 271.00 OK
r-release-windows-ix86+x86_64 2.2.1 28.00 257.00 285.00 OK
r-release-osx-x86_64 2.2.1 NOTE
r-oldrel-windows-ix86+x86_64 2.2.1 12.00 296.00 308.00 OK
r-oldrel-osx-x86_64 2.2.1 NOTE

Check Details

Version: 2.2.1
Check: dependencies in R code
Result: NOTE
    Namespace in Imports field not imported from: ‘reshape2’
     All declared Imports should be used.
Flavors: r-devel-linux-x86_64-fedora-clang, r-devel-linux-x86_64-fedora-gcc, r-patched-solaris-x86, r-release-osx-x86_64, r-oldrel-osx-x86_64

Version: 2.2.1
Check: tests
Result: ERROR
     Running ‘testthat.R’ [24s/26s]
    Running the tests in ‘tests/testthat.R’ failed.
    Complete output:
     > library(testthat)
     > library(ggplot2)
     >
     > test_check("ggplot2")
     ── 1. Failure: inherits timezone from data (@test-scale-date.R#18) ────────────
     sc$timezone not equal to NULL.
     Types not compatible: character is not NULL
    
     ══ testthat results ═══════════════════════════════════════════════════════════
     OK: 804 SKIPPED: 1 FAILED: 1
     1. Failure: inherits timezone from data (@test-scale-date.R#18)
    
     Error: testthat unit tests failed
     Execution halted
Flavor: r-patched-solaris-x86