Last updated on 2021-01-26 02:48:43 CET.
Flavor | Version | Tinstall | Tcheck | Ttotal | Status | Flags |
---|---|---|---|---|---|---|
r-devel-linux-x86_64-debian-clang | 3.3.3 | 28.82 | 412.48 | 441.30 | OK | |
r-devel-linux-x86_64-debian-gcc | 3.3.3 | 17.67 | 294.52 | 312.19 | OK | |
r-devel-linux-x86_64-fedora-clang | 3.3.3 | 490.20 | NOTE | |||
r-devel-linux-x86_64-fedora-gcc | 3.3.3 | 501.48 | NOTE | |||
r-devel-windows-ix86+x86_64 | 3.3.3 | 44.00 | 442.00 | 486.00 | OK | |
r-patched-linux-x86_64 | 3.3.3 | 24.62 | 377.49 | 402.11 | OK | |
r-patched-solaris-x86 | 3.3.3 | 599.90 | NOTE | |||
r-release-linux-x86_64 | 3.3.3 | 25.98 | 378.27 | 404.25 | OK | |
r-release-macos-x86_64 | 3.3.3 | NOTE | ||||
r-release-windows-ix86+x86_64 | 3.3.3 | 46.00 | 391.00 | 437.00 | OK | |
r-oldrel-macos-x86_64 | 3.3.3 | NOTE | ||||
r-oldrel-windows-ix86+x86_64 | 3.3.3 | 35.00 | 538.00 | 573.00 | OK |
Version: 3.3.3
Check: dependencies in R code
Result: NOTE
Namespace in Imports field not imported from: ‘mgcv’
All declared Imports should be used.
Flavors: r-devel-linux-x86_64-fedora-clang, r-devel-linux-x86_64-fedora-gcc, r-patched-solaris-x86, r-release-macos-x86_64, r-oldrel-macos-x86_64
Version: 3.3.3
Check: installed package size
Result: NOTE
installed size is 5.2Mb
sub-directories of 1Mb or more:
R 1.3Mb
doc 2.0Mb
Flavor: r-patched-solaris-x86