Last updated on 2022-06-28 22:49:29 CEST.
Flavor | Version | Tinstall | Tcheck | Ttotal | Status | Flags |
---|---|---|---|---|---|---|
r-devel-linux-x86_64-debian-clang | 3.3.6 | 27.26 | 436.91 | 464.17 | NOTE | |
r-devel-linux-x86_64-debian-gcc | 3.3.6 | 20.94 | 312.69 | 333.63 | NOTE | |
r-devel-linux-x86_64-fedora-clang | 3.3.6 | 524.20 | NOTE | |||
r-devel-linux-x86_64-fedora-gcc | 3.3.6 | 529.90 | NOTE | |||
r-devel-windows-x86_64 | 3.3.6 | 577.00 | 516.00 | 1093.00 | NOTE | |
r-patched-linux-x86_64 | 3.3.6 | 41.46 | 410.89 | 452.35 | OK | |
r-release-linux-x86_64 | 3.3.6 | 28.18 | 406.68 | 434.86 | OK | |
r-release-macos-arm64 | 3.3.6 | 153.00 | NOTE | |||
r-release-macos-x86_64 | 3.3.6 | 209.00 | NOTE | |||
r-release-windows-x86_64 | 3.3.6 | 427.00 | 495.00 | 922.00 | OK | |
r-oldrel-macos-arm64 | 3.3.6 | 103.00 | NOTE | |||
r-oldrel-macos-x86_64 | 3.3.6 | 202.00 | NOTE | |||
r-oldrel-windows-ix86+x86_64 | 3.3.6 | 47.00 | 485.00 | 532.00 | OK |
Version: 3.3.6
Check: Rd files
Result: NOTE
checkRd: (-1) diamonds.Rd:10: Escaped LaTeX specials: \$ \$
Flavors: r-devel-linux-x86_64-debian-clang, r-devel-linux-x86_64-debian-gcc, r-devel-linux-x86_64-fedora-clang, r-devel-linux-x86_64-fedora-gcc, r-devel-windows-x86_64
Version: 3.3.6
Check: dependencies in R code
Result: NOTE
Namespace in Imports field not imported from: ‘mgcv’
All declared Imports should be used.
Flavors: r-devel-linux-x86_64-fedora-clang, r-devel-linux-x86_64-fedora-gcc, r-release-macos-arm64, r-release-macos-x86_64, r-oldrel-macos-arm64, r-oldrel-macos-x86_64
Version: 3.3.6
Check: installed package size
Result: NOTE
installed size is 5.9Mb
sub-directories of 1Mb or more:
R 2.1Mb
doc 1.9Mb
Flavors: r-release-macos-arm64, r-oldrel-macos-arm64