CRAN Package Check Results for Package ggplot2

Last updated on 2020-06-01 00:47:31 CEST.

Flavor Version Tinstall Tcheck Ttotal Status Flags
r-devel-linux-x86_64-debian-clang 3.3.0 26.43 413.11 439.54 OK
r-devel-linux-x86_64-debian-gcc 3.3.1 19.31 291.74 311.05 OK
r-devel-linux-x86_64-fedora-clang 3.3.1 516.86 NOTE
r-devel-linux-x86_64-fedora-gcc 3.3.1 519.19 NOTE
r-devel-windows-ix86+x86_64 3.3.1 58.00 535.00 593.00 OK
r-patched-linux-x86_64 3.3.1 27.02 392.85 419.87 OK
r-patched-solaris-x86 3.3.1 597.20 NOTE
r-release-linux-x86_64 3.3.1 23.66 391.82 415.48 OK
r-release-osx-x86_64 3.3.0 NOTE
r-release-windows-ix86+x86_64 3.3.1 44.00 408.00 452.00 OK
r-oldrel-osx-x86_64 3.3.1 NOTE
r-oldrel-windows-ix86+x86_64 3.3.0 39.00 463.00 502.00 OK

Additional issues

MKL

Check Details

Version: 3.3.1
Check: dependencies in R code
Result: NOTE
    Namespace in Imports field not imported from: ‘mgcv’
     All declared Imports should be used.
Flavors: r-devel-linux-x86_64-fedora-clang, r-devel-linux-x86_64-fedora-gcc, r-patched-solaris-x86, r-oldrel-osx-x86_64

Version: 3.3.1
Check: installed package size
Result: NOTE
     installed size is 5.2Mb
     sub-directories of 1Mb or more:
     R 1.3Mb
     doc 2.0Mb
Flavor: r-patched-solaris-x86

Version: 3.3.0
Check: dependencies in R code
Result: NOTE
    Namespace in Imports field not imported from: ‘mgcv’
     All declared Imports should be used.
Flavor: r-release-osx-x86_64