CRAN Package Check Results for Package ggplot2

Last updated on 2022-12-01 02:50:28 CET.

Flavor Version Tinstall Tcheck Ttotal Status Flags
r-devel-linux-x86_64-debian-clang 3.4.0 33.32 542.82 576.14 OK
r-devel-linux-x86_64-debian-gcc 3.4.0 22.39 385.33 407.72 OK
r-devel-linux-x86_64-fedora-clang 3.4.0 704.87 NOTE
r-devel-linux-x86_64-fedora-gcc 3.4.0 651.31 NOTE
r-devel-windows-x86_64 3.4.0 456.00 677.00 1133.00 NOTE
r-patched-linux-x86_64 3.4.0 33.74 475.15 508.89 OK
r-release-linux-x86_64 3.4.0 26.46 479.78 506.24 OK
r-release-macos-arm64 3.4.0 184.00 NOTE
r-release-macos-x86_64 3.4.0 223.00 NOTE
r-release-windows-x86_64 3.4.0 514.00 612.00 1126.00 NOTE
r-oldrel-macos-arm64 3.4.0 177.00 NOTE
r-oldrel-macos-x86_64 3.4.0 225.00 NOTE
r-oldrel-windows-ix86+x86_64 3.4.0 48.00 556.00 604.00 NOTE

Check Details

Version: 3.4.0
Check: installed package size
Result: NOTE
     installed size is 5.1Mb
     sub-directories of 1Mb or more:
     R 1.2Mb
     doc 1.9Mb
Flavors: r-devel-linux-x86_64-fedora-clang, r-devel-windows-x86_64, r-release-macos-arm64, r-release-macos-x86_64, r-release-windows-x86_64, r-oldrel-macos-arm64, r-oldrel-macos-x86_64, r-oldrel-windows-ix86+x86_64

Version: 3.4.0
Check: dependencies in R code
Result: NOTE
    Namespace in Imports field not imported from: ‘mgcv’
     All declared Imports should be used.
Flavors: r-devel-linux-x86_64-fedora-clang, r-devel-linux-x86_64-fedora-gcc, r-release-macos-arm64, r-release-macos-x86_64, r-oldrel-macos-arm64, r-oldrel-macos-x86_64

Version: 3.4.0
Check: Rd cross-references
Result: NOTE
    Undeclared packages ‘interp’, ‘akima’ in Rd xrefs
Flavor: r-devel-linux-x86_64-fedora-clang