Last updated on 2023-01-30 04:52:23 CET.
Flavor | Version | Tinstall | Tcheck | Ttotal | Status | Flags |
---|---|---|---|---|---|---|
r-devel-linux-x86_64-debian-clang | 1.0.0 | 8.74 | 68.94 | 77.68 | NOTE | |
r-devel-linux-x86_64-debian-gcc | 1.0.0 | 6.78 | 51.26 | 58.04 | NOTE | |
r-devel-linux-x86_64-fedora-clang | 1.0.0 | 94.86 | NOTE | |||
r-devel-linux-x86_64-fedora-gcc | 1.0.0 | 90.74 | NOTE | |||
r-devel-windows-x86_64 | 1.0.0 | 14.00 | 96.00 | 110.00 | NOTE | |
r-patched-linux-x86_64 | 1.0.0 | 4.96 | 69.93 | 74.89 | NOTE | |
r-release-linux-x86_64 | 1.0.0 | 5.61 | 70.14 | 75.75 | NOTE | |
r-release-macos-arm64 | 1.0.0 | 31.00 | NOTE | |||
r-release-macos-x86_64 | 1.0.0 | 49.00 | NOTE | |||
r-release-windows-x86_64 | 1.0.0 | 15.00 | 105.00 | 120.00 | NOTE | |
r-oldrel-macos-arm64 | 1.0.0 | 38.00 | NOTE | |||
r-oldrel-macos-x86_64 | 1.0.0 | 49.00 | NOTE | |||
r-oldrel-windows-ix86+x86_64 | 1.0.0 | 22.00 | 96.00 | 118.00 | NOTE |
Version: 1.0.0
Check: LazyData
Result: NOTE
'LazyData' is specified without a 'data' directory
Flavors: r-devel-linux-x86_64-debian-clang, r-devel-linux-x86_64-debian-gcc, r-devel-linux-x86_64-fedora-clang, r-devel-linux-x86_64-fedora-gcc, r-devel-windows-x86_64, r-patched-linux-x86_64, r-release-linux-x86_64, r-release-macos-arm64, r-release-macos-x86_64, r-release-windows-x86_64, r-oldrel-macos-arm64, r-oldrel-macos-x86_64, r-oldrel-windows-ix86+x86_64