CRAN Package Check Results for Package ggplotify

Last updated on 2023-01-28 08:00:35 CET.

Flavor Version Tinstall Tcheck Ttotal Status Flags
r-devel-linux-x86_64-debian-clang 0.1.0 5.44 61.64 67.08 NOTE
r-devel-linux-x86_64-debian-gcc 0.1.0 3.99 45.93 49.92 NOTE
r-devel-linux-x86_64-fedora-clang 0.1.0 90.31 NOTE
r-devel-linux-x86_64-fedora-gcc 0.1.0 94.76 NOTE
r-devel-windows-x86_64 0.1.0 21.00 88.00 109.00 NOTE
r-patched-linux-x86_64 0.1.0 5.16 60.50 65.66 OK
r-release-linux-x86_64 0.1.0 5.51 60.74 66.25 OK
r-release-macos-arm64 0.1.0 27.00 OK
r-release-macos-x86_64 0.1.0 41.00 OK
r-release-windows-x86_64 0.1.0 18.00 97.00 115.00 OK
r-oldrel-macos-arm64 0.1.0 47.00 OK
r-oldrel-macos-x86_64 0.1.0 37.00 OK
r-oldrel-windows-ix86+x86_64 0.1.0 14.00 87.00 101.00 OK

Check Details

Version: 0.1.0
Check: package subdirectories
Result: NOTE
    Problems with news in ‘NEWS.md’:
     Cannot extract version info from the following section titles:
     History
Flavors: r-devel-linux-x86_64-debian-clang, r-devel-linux-x86_64-debian-gcc, r-devel-linux-x86_64-fedora-clang, r-devel-linux-x86_64-fedora-gcc, r-devel-windows-x86_64