CRAN Package Check Results for Package ggplotlyExtra

Last updated on 2021-10-21 22:50:36 CEST.

Flavor Version Tinstall Tcheck Ttotal Status Flags
r-devel-linux-x86_64-debian-clang 0.0.1 5.12 50.24 55.36 NOTE
r-devel-linux-x86_64-debian-gcc 0.0.1 4.39 37.51 41.90 NOTE
r-devel-linux-x86_64-fedora-clang 0.0.1 76.59 NOTE
r-devel-linux-x86_64-fedora-gcc 0.0.1 63.91 NOTE
r-devel-windows-x86_64 0.0.1 10.00 75.00 85.00 NOTE
r-devel-windows-x86_64-gcc10-UCRT 0.0.1 NOTE
r-patched-linux-x86_64 0.0.1 11.97 46.54 58.51 NOTE
r-patched-solaris-x86 0.0.1 96.20 NOTE
r-release-linux-x86_64 0.0.1 4.73 46.40 51.13 NOTE
r-release-macos-arm64 0.0.1 NOTE
r-release-macos-x86_64 0.0.1 NOTE
r-release-windows-ix86+x86_64 0.0.1 16.00 70.00 86.00 NOTE
r-oldrel-macos-x86_64 0.0.1 OK
r-oldrel-windows-ix86+x86_64 0.0.1 17.00 70.00 87.00 OK

Check Details

Version: 0.0.1
Check: LazyData
Result: NOTE
     'LazyData' is specified without a 'data' directory
Flavors: r-devel-linux-x86_64-debian-clang, r-devel-linux-x86_64-debian-gcc, r-devel-linux-x86_64-fedora-clang, r-devel-linux-x86_64-fedora-gcc, r-devel-windows-x86_64, r-devel-windows-x86_64-gcc10-UCRT, r-patched-linux-x86_64, r-patched-solaris-x86, r-release-linux-x86_64, r-release-macos-arm64, r-release-macos-x86_64, r-release-windows-ix86+x86_64