CRAN Package Check Results for Package ggpmisc

Last updated on 2020-07-15 11:47:43 CEST.

Flavor Version Tinstall Tcheck Ttotal Status Flags
r-devel-linux-x86_64-debian-clang 0.3.5 13.67 161.21 174.88 OK
r-devel-linux-x86_64-debian-gcc 0.3.5 10.73 116.43 127.16 OK
r-devel-linux-x86_64-fedora-clang 0.3.5 203.09 OK
r-devel-linux-x86_64-fedora-gcc 0.3.5 200.32 OK
r-devel-windows-ix86+x86_64 0.3.5 34.00 227.00 261.00 OK
r-patched-linux-x86_64 0.3.5 11.71 148.42 160.13 OK
r-patched-solaris-x86 0.3.5 246.70 OK
r-release-linux-x86_64 0.3.5 12.25 150.79 163.04 OK
r-release-macos-x86_64 0.3.5 ERROR
r-release-windows-ix86+x86_64 0.3.5 32.00 214.00 246.00 OK
r-oldrel-macos-x86_64 0.3.5 OK
r-oldrel-windows-ix86+x86_64 0.3.5 27.00 233.00 260.00 OK

Check Details

Version: 0.3.5
Check: whether package can be installed
Result: ERROR
    Installation failed.
Flavor: r-release-macos-x86_64