CRAN Package Check Results for Package ggpointless

Last updated on 2022-07-04 15:54:42 CEST.

Flavor Version Tinstall Tcheck Ttotal Status Flags
r-devel-linux-x86_64-debian-clang 0.0.2 5.80 91.25 97.05 OK
r-devel-linux-x86_64-debian-gcc 0.0.2 4.44 67.83 72.27 OK
r-devel-linux-x86_64-fedora-clang 0.0.2 121.23 NOTE
r-devel-linux-x86_64-fedora-gcc 0.0.2 120.63 NOTE
r-devel-windows-x86_64 0.0.2 61.00 124.00 185.00 OK
r-patched-linux-x86_64 0.0.2 5.54 87.35 92.89 OK
r-release-linux-x86_64 0.0.2 4.09 84.30 88.39 OK
r-release-macos-arm64 0.0.2 41.00 NOTE
r-release-macos-x86_64 0.0.2 55.00 NOTE
r-release-windows-x86_64 0.0.2 66.00 123.00 189.00 OK
r-oldrel-macos-arm64 0.0.2 37.00 NOTE
r-oldrel-macos-x86_64 0.0.2 57.00 NOTE
r-oldrel-windows-ix86+x86_64 0.0.2 15.00 113.00 128.00 OK

Check Details

Version: 0.0.2
Check: data for non-ASCII characters
Result: NOTE
     Note: found 35 marked UTF-8 strings
Flavors: r-devel-linux-x86_64-fedora-clang, r-devel-linux-x86_64-fedora-gcc, r-release-macos-arm64, r-release-macos-x86_64, r-oldrel-macos-arm64, r-oldrel-macos-x86_64