CRAN Package Check Results for Package ggpol

Last updated on 2023-06-02 15:58:09 CEST.

Flavor Version Tinstall Tcheck Ttotal Status Flags
r-devel-linux-x86_64-debian-clang 0.0.7 9.03 58.76 67.79 NOTE
r-devel-linux-x86_64-debian-gcc 0.0.7 7.33 44.98 52.31 NOTE
r-devel-linux-x86_64-fedora-clang 0.0.7 87.67 NOTE
r-devel-linux-x86_64-fedora-gcc 0.0.7 83.61 NOTE
r-devel-windows-x86_64 0.0.7 10.00 63.00 73.00 NOTE
r-patched-linux-x86_64 0.0.7 NOTE
r-release-linux-x86_64 0.0.7 8.88 55.90 64.78 NOTE
r-release-macos-arm64 0.0.7 28.00 NOTE
r-release-macos-x86_64 0.0.7 44.00 NOTE
r-release-windows-x86_64 0.0.7 10.00 74.00 84.00 NOTE
r-oldrel-macos-arm64 0.0.7 27.00 NOTE
r-oldrel-macos-x86_64 0.0.7 47.00 NOTE
r-oldrel-windows-x86_64 0.0.7 11.00 76.00 87.00 NOTE

Check Details

Version: 0.0.7
Check: LazyData
Result: NOTE
     'LazyData' is specified without a 'data' directory
Flavors: r-devel-linux-x86_64-debian-clang, r-devel-linux-x86_64-debian-gcc, r-devel-linux-x86_64-fedora-clang, r-devel-linux-x86_64-fedora-gcc, r-devel-windows-x86_64, r-patched-linux-x86_64, r-release-linux-x86_64, r-release-macos-arm64, r-release-macos-x86_64, r-release-windows-x86_64, r-oldrel-macos-arm64, r-oldrel-macos-x86_64, r-oldrel-windows-x86_64

Version: 0.0.7
Check: dependencies in R code
Result: NOTE
    Namespaces in Imports field not imported from:
     ‘dplyr’ ‘grDevices’
     All declared Imports should be used.
Flavors: r-devel-linux-x86_64-fedora-clang, r-devel-linux-x86_64-fedora-gcc, r-oldrel-macos-arm64, r-oldrel-macos-x86_64