CRAN Package Check Results for Package ggpubr

Last updated on 2022-12-04 03:54:05 CET.

Flavor Version Tinstall Tcheck Ttotal Status Flags
r-devel-linux-x86_64-debian-clang 0.5.0 17.80 335.34 353.14 OK
r-devel-linux-x86_64-debian-gcc 0.5.0 13.68 243.26 256.94 OK
r-devel-linux-x86_64-fedora-clang 0.5.0 418.24 NOTE
r-devel-linux-x86_64-fedora-gcc 0.5.0 405.42 OK
r-devel-windows-x86_64 0.5.0 91.00 376.00 467.00 OK
r-patched-linux-x86_64 0.5.0 25.28 300.47 325.75 OK
r-release-linux-x86_64 0.5.0 16.75 299.72 316.47 OK
r-release-macos-arm64 0.5.0 122.00 OK
r-release-macos-x86_64 0.5.0 133.00 OK
r-release-windows-x86_64 0.5.0 94.00 365.00 459.00 OK
r-oldrel-macos-arm64 0.5.0 99.00 OK
r-oldrel-macos-x86_64 0.5.0 129.00 OK
r-oldrel-windows-ix86+x86_64 0.5.0 34.00 348.00 382.00 OK

Check Details

Version: 0.5.0
Check: Rd cross-references
Result: NOTE
    Undeclared package ‘car’ in Rd xrefs
Flavor: r-devel-linux-x86_64-fedora-clang