Last updated on 2023-11-29 04:00:59 CET.
Flavor | Version | Tinstall | Tcheck | Ttotal | Status | Flags |
---|---|---|---|---|---|---|
r-devel-linux-x86_64-debian-clang | 0.0.3 | 5.92 | 73.92 | 79.84 | NOTE | |
r-devel-linux-x86_64-debian-gcc | 0.0.3 | 4.58 | 54.99 | 59.57 | NOTE | |
r-devel-linux-x86_64-fedora-clang | 0.0.3 | 98.61 | OK | |||
r-devel-linux-x86_64-fedora-gcc | 0.0.3 | 104.03 | OK | |||
r-devel-windows-x86_64 | 0.0.3 | 7.00 | 74.00 | 81.00 | OK | |
r-patched-linux-x86_64 | 0.0.3 | 10.08 | 69.60 | 79.68 | OK | |
r-release-linux-x86_64 | 0.0.3 | 5.58 | 69.22 | 74.80 | OK | |
r-release-macos-arm64 | 0.0.3 | 39.00 | OK | |||
r-release-macos-x86_64 | 0.0.3 | 62.00 | OK | |||
r-release-windows-x86_64 | 0.0.3 | 8.00 | 86.00 | 94.00 | OK | |
r-oldrel-macos-arm64 | 0.0.3 | 38.00 | OK | |||
r-oldrel-macos-x86_64 | 0.0.3 | 47.00 | OK | |||
r-oldrel-windows-x86_64 | 0.0.3 | 8.00 | 90.00 | 98.00 | OK |
Version: 0.0.3
Check: Rd files
Result: NOTE
checkRd: (-1) geom_paired_raincloud.Rd:80: Lost braces; missing escapes or markup?
80 | Adopted from the geom_violinhalf() source code from the {see} package
| ^
Flavors: r-devel-linux-x86_64-debian-clang, r-devel-linux-x86_64-debian-gcc