CRAN Package Check Results for Package ggraph

Last updated on 2020-12-04 15:51:49 CET.

Flavor Version Tinstall Tcheck Ttotal Status Flags
r-devel-linux-x86_64-debian-clang 2.0.4 88.04 204.00 292.04 OK
r-devel-linux-x86_64-debian-gcc 2.0.4 57.55 152.75 210.30 OK
r-devel-linux-x86_64-fedora-clang 2.0.4 387.74 NOTE
r-devel-linux-x86_64-fedora-gcc 2.0.4 342.21 OK
r-devel-windows-ix86+x86_64 2.0.4 198.00 364.00 562.00 NOTE
r-patched-linux-x86_64 2.0.4 66.93 193.81 260.74 OK
r-patched-solaris-x86 2.0.4 424.20 NOTE
r-release-linux-x86_64 2.0.4 74.13 191.22 265.35 OK
r-release-macos-x86_64 2.0.4 NOTE
r-release-windows-ix86+x86_64 2.0.4 135.00 292.00 427.00 NOTE
r-oldrel-macos-x86_64 2.0.4 NOTE
r-oldrel-windows-ix86+x86_64 2.0.4 174.00 372.00 546.00 NOTE

Check Details

Version: 2.0.4
Check: installed package size
Result: NOTE
     installed size is 8.0Mb
     sub-directories of 1Mb or more:
     doc 3.6Mb
     libs 3.1Mb
Flavors: r-devel-linux-x86_64-fedora-clang, r-devel-windows-ix86+x86_64, r-patched-solaris-x86, r-release-macos-x86_64, r-release-windows-ix86+x86_64, r-oldrel-macos-x86_64, r-oldrel-windows-ix86+x86_64