Last updated on 2023-03-22 10:52:13 CET.
Flavor | Version | Tinstall | Tcheck | Ttotal | Status | Flags |
---|---|---|---|---|---|---|
r-devel-linux-x86_64-debian-clang | 2.1.0 | 95.56 | 224.08 | 319.64 | NOTE | |
r-devel-linux-x86_64-debian-gcc | 2.1.0 | 70.17 | 167.00 | 237.17 | NOTE | |
r-devel-linux-x86_64-fedora-clang | 2.1.0 | 465.07 | NOTE | |||
r-devel-linux-x86_64-fedora-gcc | 2.1.0 | 432.56 | NOTE | |||
r-patched-linux-x86_64 | 2.1.0 | 80.11 | 207.22 | 287.33 | OK | |
r-release-linux-x86_64 | 2.1.0 | 62.19 | 210.92 | 273.11 | OK | |
r-release-macos-arm64 | 2.1.0 | 118.00 | NOTE | |||
r-release-macos-x86_64 | 2.1.0 | 137.00 | NOTE | |||
r-release-windows-x86_64 | 2.1.0 | 146.00 | 341.00 | 487.00 | NOTE | |
r-oldrel-macos-arm64 | 2.1.0 | 118.00 | NOTE | |||
r-oldrel-macos-x86_64 | 2.1.0 | 146.00 | NOTE | |||
r-oldrel-windows-ix86+x86_64 | 2.1.0 | 211.00 | 390.00 | 601.00 | NOTE |
Version: 2.1.0
Check: C++ specification
Result: NOTE
Specified C++11: please drop specification unless essential
Flavors: r-devel-linux-x86_64-debian-clang, r-devel-linux-x86_64-debian-gcc, r-devel-linux-x86_64-fedora-clang, r-devel-linux-x86_64-fedora-gcc
Version: 2.1.0
Check: installed package size
Result: NOTE
installed size is 5.1Mb
sub-directories of 1Mb or more:
doc 3.6Mb
Flavors: r-devel-linux-x86_64-fedora-clang, r-release-macos-arm64, r-release-macos-x86_64, r-release-windows-x86_64, r-oldrel-macos-arm64, r-oldrel-macos-x86_64, r-oldrel-windows-ix86+x86_64