CRAN Package Check Results for Package ggrastr

Last updated on 2021-05-18 02:49:15 CEST.

Flavor Version Tinstall Tcheck Ttotal Status Flags
r-devel-linux-x86_64-debian-clang 0.2.3 4.61 299.17 303.78 NOTE
r-devel-linux-x86_64-debian-gcc 0.2.3 4.12 243.08 247.20 NOTE
r-devel-linux-x86_64-fedora-clang 0.2.3 390.11 NOTE
r-devel-linux-x86_64-fedora-gcc 0.2.3 388.14 NOTE
r-devel-windows-ix86+x86_64 0.2.3 16.00 496.00 512.00 NOTE
r-devel-windows-x86_64-gcc10-UCRT 0.2.3 NOTE
r-patched-linux-x86_64 0.2.3 4.79 300.73 305.52 NOTE
r-patched-solaris-x86 0.2.3 609.70 NOTE
r-release-linux-x86_64 0.2.3 5.46 307.16 312.62 OK
r-release-macos-x86_64 0.2.3 OK
r-release-windows-ix86+x86_64 0.2.3 11.00 444.00 455.00 OK
r-oldrel-macos-x86_64 0.2.3 OK
r-oldrel-windows-ix86+x86_64 0.2.3 10.00 489.00 499.00 OK

Check Details

Version: 0.2.3
Check: LazyData
Result: NOTE
     'LazyData' is specified without a 'data' directory
Flavors: r-devel-linux-x86_64-debian-clang, r-devel-linux-x86_64-debian-gcc, r-devel-linux-x86_64-fedora-clang, r-devel-linux-x86_64-fedora-gcc, r-devel-windows-ix86+x86_64, r-devel-windows-x86_64-gcc10-UCRT, r-patched-linux-x86_64, r-patched-solaris-x86