CRAN Package Check Results for Package ggrastr

Last updated on 2024-02-27 04:07:06 CET.

Flavor Version Tinstall Tcheck Ttotal Status Flags
r-devel-linux-x86_64-debian-clang 1.0.2 6.41 337.09 343.50 OK
r-devel-linux-x86_64-debian-gcc 1.0.2 5.07 246.17 251.24 OK
r-devel-linux-x86_64-fedora-clang 1.0.2 416.88 NOTE
r-devel-linux-x86_64-fedora-gcc 1.0.2 428.88 OK
r-devel-windows-x86_64 1.0.2 7.00 449.00 456.00 OK
r-patched-linux-x86_64 1.0.2 5.53 320.43 325.96 OK
r-release-linux-x86_64 1.0.2 5.60 315.08 320.68 OK
r-release-macos-arm64 1.0.2 153.00 OK
r-release-macos-x86_64 1.0.2 362.00 OK
r-release-windows-x86_64 1.0.2 8.00 524.00 532.00 OK
r-oldrel-macos-arm64 1.0.2 156.00 OK
r-oldrel-windows-x86_64 1.0.2 9.00 538.00 547.00 OK

Check Details

Version: 1.0.2
Check: Rd cross-references
Result: NOTE Undeclared package ‘vipor’ in Rd xrefs Flavor: r-devel-linux-x86_64-fedora-clang