CRAN Package Check Results for Package ggridges

Last updated on 2023-09-26 14:04:57 CEST.

Flavor Version Tinstall Tcheck Ttotal Status Flags
r-devel-linux-x86_64-debian-clang 0.5.4 8.04 121.41 129.45 OK
r-devel-linux-x86_64-debian-gcc 0.5.4 6.82 89.45 96.27 OK
r-devel-linux-x86_64-fedora-clang 0.5.4 155.32 NOTE
r-devel-linux-x86_64-fedora-gcc 0.5.4 174.41 NOTE
r-devel-windows-x86_64 0.5.4 10.00 114.00 124.00 OK
r-patched-linux-x86_64 0.5.4 12.76 113.87 126.63 OK
r-release-linux-x86_64 0.5.4 9.07 116.14 125.21 OK
r-release-macos-arm64 0.5.4 57.00 OK
r-release-macos-x86_64 0.5.4 93.00 OK
r-release-windows-x86_64 0.5.4 12.00 138.00 150.00 OK
r-oldrel-macos-arm64 0.5.4 63.00 NOTE
r-oldrel-macos-x86_64 0.5.4 74.00 NOTE
r-oldrel-windows-x86_64 0.5.4 12.00 136.00 148.00 OK

Check Details

Version: 0.5.4
Check: data for non-ASCII characters
Result: NOTE
     Note: found 6242 marked UTF-8 strings
Flavors: r-devel-linux-x86_64-fedora-clang, r-devel-linux-x86_64-fedora-gcc, r-oldrel-macos-arm64, r-oldrel-macos-x86_64