Last updated on 2023-03-30 22:54:59 CEST.
Flavor | Version | Tinstall | Tcheck | Ttotal | Status | Flags |
---|---|---|---|---|---|---|
r-devel-linux-x86_64-debian-clang | 0.5.4 | 8.02 | 117.87 | 125.89 | OK | |
r-devel-linux-x86_64-debian-gcc | 0.5.4 | 6.67 | 88.84 | 95.51 | OK | |
r-devel-linux-x86_64-fedora-clang | 0.5.4 | 156.00 | NOTE | |||
r-devel-linux-x86_64-fedora-gcc | 0.5.4 | 157.46 | NOTE | |||
r-devel-windows-x86_64 | 0.5.4 | 240.00 | 0.00 | 240.00 | OK | |
r-patched-linux-x86_64 | 0.5.4 | 12.22 | 111.93 | 124.15 | OK | |
r-release-linux-x86_64 | 0.5.4 | 8.59 | 114.52 | 123.11 | OK | |
r-release-macos-arm64 | 0.5.4 | 63.00 | NOTE | |||
r-release-macos-x86_64 | 0.5.4 | 74.00 | NOTE | |||
r-release-windows-x86_64 | 0.5.4 | 142.00 | 165.00 | 307.00 | OK | |
r-oldrel-macos-arm64 | 0.5.4 | 71.00 | NOTE | |||
r-oldrel-macos-x86_64 | 0.5.4 | 76.00 | NOTE | |||
r-oldrel-windows-ix86+x86_64 | 0.5.4 | 17.00 | 155.00 | 172.00 | OK |
Version: 0.5.4
Check: data for non-ASCII characters
Result: NOTE
Note: found 6242 marked UTF-8 strings
Flavors: r-devel-linux-x86_64-fedora-clang, r-devel-linux-x86_64-fedora-gcc, r-release-macos-arm64, r-release-macos-x86_64, r-oldrel-macos-arm64, r-oldrel-macos-x86_64