CRAN Package Check Results for Package ggrisk

Last updated on 2020-11-27 00:48:51 CET.

Flavor Version Tinstall Tcheck Ttotal Status Flags
r-devel-linux-x86_64-debian-clang 1.2 14.26 108.99 123.25 OK
r-devel-linux-x86_64-debian-gcc 1.2 12.66 82.29 94.95 OK
r-devel-linux-x86_64-fedora-clang 1.2 149.54 NOTE
r-devel-linux-x86_64-fedora-gcc 1.2 138.45 NOTE
r-devel-windows-ix86+x86_64 1.2 31.00 110.00 141.00 OK
r-patched-linux-x86_64 1.2 9.05 98.11 107.16 OK
r-patched-solaris-x86 1.2 200.60 NOTE
r-release-linux-x86_64 1.2 8.71 96.85 105.56 OK
r-release-macos-x86_64 1.2 NOTE
r-release-windows-ix86+x86_64 1.2 34.00 120.00 154.00 OK
r-oldrel-macos-x86_64 1.2 NOTE
r-oldrel-windows-ix86+x86_64 1.2 20.00 112.00 132.00 OK

Check Details

Version: 1.2
Check: dependencies in R code
Result: NOTE
    Namespaces in Imports field not imported from:
     ‘nomogramFormula’ ‘survival’
     All declared Imports should be used.
Flavors: r-devel-linux-x86_64-fedora-clang, r-devel-linux-x86_64-fedora-gcc, r-patched-solaris-x86, r-release-macos-x86_64, r-oldrel-macos-x86_64