CRAN Package Check Results for Package ggsci

Last updated on 2022-07-07 01:50:31 CEST.

Flavor Version Tinstall Tcheck Ttotal Status Flags
r-devel-linux-x86_64-debian-clang 2.9 6.58 131.95 138.53 NOTE
r-devel-linux-x86_64-debian-gcc 2.9 4.98 94.69 99.67 NOTE
r-devel-linux-x86_64-fedora-clang 2.9 166.25 NOTE
r-devel-linux-x86_64-fedora-gcc 2.9 165.09 NOTE
r-devel-windows-x86_64 2.9 26.00 167.00 193.00 NOTE
r-patched-linux-x86_64 2.9 7.60 121.14 128.74 NOTE
r-release-linux-x86_64 2.9 5.61 120.67 126.28 NOTE
r-release-macos-arm64 2.9 58.00 NOTE
r-release-macos-x86_64 2.9 74.00 NOTE
r-release-windows-x86_64 2.9 10.00 179.00 189.00 NOTE
r-oldrel-macos-arm64 2.9 89.00 NOTE
r-oldrel-macos-x86_64 2.9 84.00 NOTE
r-oldrel-windows-ix86+x86_64 2.9 17.00 148.00 165.00 NOTE

Check Details

Version: 2.9
Check: LazyData
Result: NOTE
     'LazyData' is specified without a 'data' directory
Flavors: r-devel-linux-x86_64-debian-clang, r-devel-linux-x86_64-debian-gcc, r-devel-linux-x86_64-fedora-clang, r-devel-linux-x86_64-fedora-gcc, r-devel-windows-x86_64, r-patched-linux-x86_64, r-release-linux-x86_64, r-release-macos-arm64, r-release-macos-x86_64, r-release-windows-x86_64, r-oldrel-macos-arm64, r-oldrel-macos-x86_64, r-oldrel-windows-ix86+x86_64