CRAN Package Check Results for Package ggseqlogo

Last updated on 2021-09-19 11:49:56 CEST.

Flavor Version Tinstall Tcheck Ttotal Status Flags
r-devel-linux-x86_64-debian-clang 0.1 4.01 51.25 55.26 OK
r-devel-linux-x86_64-debian-gcc 0.1 3.47 38.89 42.36 OK
r-devel-linux-x86_64-fedora-clang 0.1 73.95 OK
r-devel-linux-x86_64-fedora-gcc 0.1 61.99 OK
r-devel-windows-x86_64 0.1 8.00 70.00 78.00 OK
r-devel-windows-x86_64-gcc10-UCRT 0.1 ERROR
r-patched-linux-x86_64 0.1 8.28 46.79 55.07 OK
r-patched-solaris-x86 0.1 90.80 OK
r-release-linux-x86_64 0.1 4.23 46.75 50.98 OK
r-release-macos-arm64 0.1 OK
r-release-macos-x86_64 0.1 OK
r-release-windows-ix86+x86_64 0.1 13.00 51.00 64.00 OK
r-oldrel-macos-x86_64 0.1 OK
r-oldrel-windows-ix86+x86_64 0.1 14.00 60.00 74.00 OK

Check Details

Version: 0.1
Check: whether package can be installed
Result: WARN
    Found the following significant warnings:
     WARNING: installation-time patches will not be applied, could not get the patches index
Flavor: r-devel-windows-x86_64-gcc10-UCRT

Version: 0.1
Check: PDF version of manual
Result: WARN
    LaTeX errors when creating PDF version.
    This typically indicates Rd problems.
Flavor: r-devel-windows-x86_64-gcc10-UCRT

Version: 0.1
Check: PDF version of manual without hyperrefs or index
Result: ERROR
    Re-running with no redirection of stdout/stderr.
Flavor: r-devel-windows-x86_64-gcc10-UCRT