CRAN Package Check Results for Package ggshadow

Last updated on 2021-04-18 18:47:30 CEST.

Flavor Version Tinstall Tcheck Ttotal Status Flags
r-devel-linux-x86_64-debian-clang 0.0.2 5.49 59.39 64.88 NOTE
r-devel-linux-x86_64-debian-gcc 0.0.2 4.76 44.67 49.43 NOTE
r-devel-linux-x86_64-fedora-clang 0.0.2 87.87 NOTE
r-devel-linux-x86_64-fedora-gcc 0.0.2 74.20 NOTE
r-devel-windows-ix86+x86_64 0.0.2 15.00 95.00 110.00 NOTE
r-devel-windows-x86_64-gcc10-UCRT 0.0.2 NOTE
r-patched-linux-x86_64 0.0.2 5.15 54.64 59.79 OK
r-patched-solaris-x86 0.0.2 107.10 OK
r-release-linux-x86_64 0.0.2 4.97 54.97 59.94 OK
r-release-macos-x86_64 0.0.2 OK
r-release-windows-ix86+x86_64 0.0.2 34.00 95.00 129.00 OK
r-oldrel-macos-x86_64 0.0.2 OK
r-oldrel-windows-ix86+x86_64 0.0.2 9.00 93.00 102.00 OK

Check Details

Version: 0.0.2
Check: LazyData
Result: NOTE
     'LazyData' is specified without a 'data' directory
Flavors: r-devel-linux-x86_64-debian-clang, r-devel-linux-x86_64-debian-gcc, r-devel-linux-x86_64-fedora-clang, r-devel-linux-x86_64-fedora-gcc, r-devel-windows-ix86+x86_64, r-devel-windows-x86_64-gcc10-UCRT

Version: 0.0.2
Check: Rd cross-references
Result: NOTE
    Undeclared package ‘RColorBrewer’ in Rd xrefs
Flavor: r-devel-linux-x86_64-fedora-clang