CRAN Package Check Results for Package ggsom

Last updated on 2024-07-23 13:50:50 CEST.

Flavor Version Tinstall Tcheck Ttotal Status Flags
r-devel-linux-x86_64-debian-clang 0.4.0 7.24 55.36 62.60 NOTE
r-devel-linux-x86_64-debian-gcc 0.4.0 5.10 41.24 46.34 NOTE
r-devel-linux-x86_64-fedora-clang 0.4.0 73.78 NOTE
r-devel-linux-x86_64-fedora-gcc 0.4.0 70.56 NOTE
r-devel-windows-x86_64 0.4.0 8.00 60.00 68.00 NOTE
r-patched-linux-x86_64 0.4.0 5.69 52.03 57.72 NOTE
r-release-linux-x86_64 0.4.0 4.01 53.03 57.04 NOTE
r-release-macos-arm64 0.4.0 27.00 NOTE
r-release-macos-x86_64 0.4.0 39.00 NOTE
r-release-windows-x86_64 0.4.0 7.00 59.00 66.00 NOTE
r-oldrel-macos-arm64 0.4.0 26.00 NOTE
r-oldrel-macos-x86_64 0.4.0 38.00 NOTE
r-oldrel-windows-x86_64 0.4.0 9.00 67.00 76.00 NOTE

Check Details

Version: 0.4.0
Check: LazyData
Result: NOTE 'LazyData' is specified without a 'data' directory Flavors: r-devel-linux-x86_64-debian-clang, r-devel-linux-x86_64-debian-gcc, r-devel-linux-x86_64-fedora-clang, r-devel-linux-x86_64-fedora-gcc, r-devel-windows-x86_64, r-patched-linux-x86_64, r-release-linux-x86_64, r-release-macos-arm64, r-release-macos-x86_64, r-release-windows-x86_64, r-oldrel-macos-arm64, r-oldrel-macos-x86_64, r-oldrel-windows-x86_64