CRAN Package Check Results for Package ggspatial

Last updated on 2019-06-16 20:47:02 CEST.

Flavor Version Tinstall Tcheck Ttotal Status Flags
r-devel-linux-x86_64-debian-clang 1.0.3 7.97 115.63 123.60 OK
r-devel-linux-x86_64-debian-gcc 1.0.3 7.11 89.92 97.03 OK
r-devel-linux-x86_64-fedora-clang 1.0.3 143.73 NOTE
r-devel-linux-x86_64-fedora-gcc 1.0.3 137.51 NOTE
r-devel-windows-ix86+x86_64 1.0.3 24.00 184.00 208.00 OK
r-patched-linux-x86_64 1.0.3 7.03 112.43 119.46 OK
r-patched-solaris-x86 1.0.3 226.70 NOTE
r-release-linux-x86_64 1.0.3 7.74 112.55 120.29 OK
r-release-windows-ix86+x86_64 1.0.3 16.00 198.00 214.00 OK
r-release-osx-x86_64 1.0.3 NOTE
r-oldrel-windows-ix86+x86_64 1.0.3 12.00 177.00 189.00 OK
r-oldrel-osx-x86_64 1.0.3 NOTE

Check Details

Version: 1.0.3
Check: dependencies in R code
Result: NOTE
    Namespaces in Imports field not imported from:
     ‘reshape2’ ‘rosm’
     All declared Imports should be used.
Flavors: r-devel-linux-x86_64-fedora-clang, r-devel-linux-x86_64-fedora-gcc, r-patched-solaris-x86, r-release-osx-x86_64, r-oldrel-osx-x86_64