CRAN Package Check Results for Package ggspatial

Last updated on 2022-06-28 10:49:08 CEST.

Flavor Version Tinstall Tcheck Ttotal Status Flags
r-devel-linux-x86_64-debian-clang 1.1.5 11.37 127.57 138.94 ERROR
r-devel-linux-x86_64-debian-gcc 1.1.5 7.99 94.69 102.68 ERROR
r-devel-linux-x86_64-fedora-clang 1.1.5 201.71 NOTE
r-devel-linux-x86_64-fedora-gcc 1.1.5 197.87 NOTE
r-devel-windows-x86_64 1.1.5 127.00 186.00 313.00 NOTE
r-patched-linux-x86_64 1.1.5 16.65 121.30 137.95 ERROR
r-release-linux-x86_64 1.1.5 9.12 120.56 129.68 ERROR
r-release-macos-arm64 1.1.5 57.00 NOTE
r-release-macos-x86_64 1.1.5 125.00 NOTE
r-release-windows-x86_64 1.1.5 317.00 189.00 506.00 NOTE
r-oldrel-macos-arm64 1.1.5 59.00 NOTE
r-oldrel-macos-x86_64 1.1.5 166.00 NOTE
r-oldrel-windows-ix86+x86_64 1.1.5 26.00 193.00 219.00 NOTE

Check Details

Version: 1.1.5
Check: LazyData
Result: NOTE
     'LazyData' is specified without a 'data' directory
Flavors: r-devel-linux-x86_64-debian-clang, r-devel-linux-x86_64-debian-gcc, r-devel-linux-x86_64-fedora-clang, r-devel-linux-x86_64-fedora-gcc, r-devel-windows-x86_64, r-patched-linux-x86_64, r-release-linux-x86_64, r-release-macos-arm64, r-release-macos-x86_64, r-release-windows-x86_64, r-oldrel-macos-arm64, r-oldrel-macos-x86_64, r-oldrel-windows-ix86+x86_64

Version: 1.1.5
Check: examples
Result: ERROR
    Running examples in 'ggspatial-Ex.R' failed
    The error most likely occurred in:
    
    > base::assign(".ptime", proc.time(), pos = "CheckExEnv")
    > ### Name: annotation_map_tile
    > ### Title: Add background OSM tiles
    > ### Aliases: annotation_map_tile GeomMapTile
    > ### Keywords: datasets
    >
    > ### ** Examples
    >
    > library(ggplot2)
    > load_longlake_data()
    Error in CPL_get_z_range(obj, 3) : z error - expecting three columns;
    Calls: load_longlake_data ... z_range.MtrxSetSetSet -> zb_wrap -> stopifnot -> CPL_get_z_range
    Execution halted
Flavors: r-devel-linux-x86_64-debian-clang, r-devel-linux-x86_64-debian-gcc, r-patched-linux-x86_64, r-release-linux-x86_64

Version: 1.1.5
Check: tests
Result: ERROR
     Running 'testthat.R' [40s/48s]
    Running the tests in 'tests/testthat.R' failed.
    Complete output:
     > library(testthat)
     > library(ggspatial)
     >
     > test_check("ggspatial")
     [ FAIL 3 | WARN 0 | SKIP 21 | PASS 84 ]
    
     == Skipped tests ===============================================================
     * On CRAN (20)
     * stars aren't implemented (1)
    
     == Failed tests ================================================================
     -- Error (test-df-spatial-sf.R:15:3): df_spatial() works with sf objects -------
     <Rcpp::exception/C++Error/error/condition>
     Error in `CPL_get_z_range(obj, 3)`: z error - expecting three columns;
     Backtrace:
     x
     1. \-ggspatial::load_longlake_data() at test-df-spatial-sf.R:15:2
     2. \-sf::read_sf(file.path(longlake_folder, names(vector_layers)[i]))
     3. +-sf::st_read(...)
     4. \-sf:::st_read.character(...)
     5. \-sf:::process_cpl_read_ogr(...)
     6. \-sf::st_sfc(geom[[i]], crs = attr(geom[[i]], "crs"))
     7. \-sf:::compute_z_range(lst)
     8. +-sf:::zb_wrap(z_range.MtrxSetSetSet(obj))
     9. | \-base::stopifnot(is.numeric(zb) && length(zb) == 2)
     10. \-sf:::z_range.MtrxSetSetSet(obj)
     11. +-sf:::zb_wrap(CPL_get_z_range(obj, 3))
     12. | \-base::stopifnot(is.numeric(zb) && length(zb) == 2)
     13. \-sf:::CPL_get_z_range(obj, 3)
     -- Error (test-df-spatial-sp.R:9:3): df_spatial() works with sp objects --------
     <Rcpp::exception/C++Error/error/condition>
     Error in `CPL_get_z_range(obj, 3)`: z error - expecting three columns;
     Backtrace:
     x
     1. \-ggspatial::load_longlake_data(vector_format = "sp") at test-df-spatial-sp.R:9:2
     2. +-base::suppressWarnings(...)
     3. | \-base::withCallingHandlers(...)
     4. +-methods::as(...)
     5. | \-methods:::.class1(object)
     6. +-sf::st_zm(sf::read_sf(file.path(longlake_folder, names(vector_layers)[i])))
     7. \-sf::read_sf(file.path(longlake_folder, names(vector_layers)[i]))
     8. +-sf::st_read(...)
     9. \-sf:::st_read.character(...)
     10. \-sf:::process_cpl_read_ogr(...)
     11. \-sf::st_sfc(geom[[i]], crs = attr(geom[[i]], "crs"))
     12. \-sf:::compute_z_range(lst)
     13. +-sf:::zb_wrap(z_range.MtrxSetSetSet(obj))
     14. | \-base::stopifnot(is.numeric(zb) && length(zb) == 2)
     15. \-sf:::z_range.MtrxSetSetSet(obj)
     16. +-sf:::zb_wrap(CPL_get_z_range(obj, 3))
     17. | \-base::stopifnot(is.numeric(zb) && length(zb) == 2)
     18. \-sf:::CPL_get_z_range(obj, 3)
     -- Error (test-longlake-data.R:6:3): longlake data loader works as expected ----
     <Rcpp::exception/C++Error/error/condition>
     Error in `CPL_get_z_range(obj, 3)`: z error - expecting three columns;
     Backtrace:
     x
     1. \-ggspatial::load_longlake_data(...) at test-longlake-data.R:6:2
     2. \-sf::read_sf(file.path(longlake_folder, names(vector_layers)[i]))
     3. +-sf::st_read(...)
     4. \-sf:::st_read.character(...)
     5. \-sf:::process_cpl_read_ogr(...)
     6. \-sf::st_sfc(geom[[i]], crs = attr(geom[[i]], "crs"))
     7. \-sf:::compute_z_range(lst)
     8. +-sf:::zb_wrap(z_range.MtrxSetSetSet(obj))
     9. | \-base::stopifnot(is.numeric(zb) && length(zb) == 2)
     10. \-sf:::z_range.MtrxSetSetSet(obj)
     11. +-sf:::zb_wrap(CPL_get_z_range(obj, 3))
     12. | \-base::stopifnot(is.numeric(zb) && length(zb) == 2)
     13. \-sf:::CPL_get_z_range(obj, 3)
    
     [ FAIL 3 | WARN 0 | SKIP 21 | PASS 84 ]
     Error: Test failures
     Execution halted
Flavor: r-devel-linux-x86_64-debian-clang

Version: 1.1.5
Check: tests
Result: ERROR
     Running ‘testthat.R’ [29s/45s]
    Running the tests in ‘tests/testthat.R’ failed.
    Complete output:
     > library(testthat)
     > library(ggspatial)
     >
     > test_check("ggspatial")
     [ FAIL 3 | WARN 0 | SKIP 21 | PASS 84 ]
    
     ══ Skipped tests ═══════════════════════════════════════════════════════════════
     • On CRAN (20)
     • stars aren't implemented (1)
    
     ══ Failed tests ════════════════════════════════════════════════════════════════
     ── Error (test-df-spatial-sf.R:15:3): df_spatial() works with sf objects ───────
     <Rcpp::exception/C++Error/error/condition>
     Error in `CPL_get_z_range(obj, 3)`: z error - expecting three columns;
     Backtrace:
     ▆
     1. └─ggspatial::load_longlake_data() at test-df-spatial-sf.R:15:2
     2. └─sf::read_sf(file.path(longlake_folder, names(vector_layers)[i]))
     3. ├─sf::st_read(...)
     4. └─sf:::st_read.character(...)
     5. └─sf:::process_cpl_read_ogr(...)
     6. └─sf::st_sfc(geom[[i]], crs = attr(geom[[i]], "crs"))
     7. └─sf:::compute_z_range(lst)
     8. ├─sf:::zb_wrap(z_range.MtrxSetSetSet(obj))
     9. │ └─base::stopifnot(is.numeric(zb) && length(zb) == 2)
     10. └─sf:::z_range.MtrxSetSetSet(obj)
     11. ├─sf:::zb_wrap(CPL_get_z_range(obj, 3))
     12. │ └─base::stopifnot(is.numeric(zb) && length(zb) == 2)
     13. └─sf:::CPL_get_z_range(obj, 3)
     ── Error (test-df-spatial-sp.R:9:3): df_spatial() works with sp objects ────────
     <Rcpp::exception/C++Error/error/condition>
     Error in `CPL_get_z_range(obj, 3)`: z error - expecting three columns;
     Backtrace:
     ▆
     1. └─ggspatial::load_longlake_data(vector_format = "sp") at test-df-spatial-sp.R:9:2
     2. ├─base::suppressWarnings(...)
     3. │ └─base::withCallingHandlers(...)
     4. ├─methods::as(...)
     5. │ └─methods:::.class1(object)
     6. ├─sf::st_zm(sf::read_sf(file.path(longlake_folder, names(vector_layers)[i])))
     7. └─sf::read_sf(file.path(longlake_folder, names(vector_layers)[i]))
     8. ├─sf::st_read(...)
     9. └─sf:::st_read.character(...)
     10. └─sf:::process_cpl_read_ogr(...)
     11. └─sf::st_sfc(geom[[i]], crs = attr(geom[[i]], "crs"))
     12. └─sf:::compute_z_range(lst)
     13. ├─sf:::zb_wrap(z_range.MtrxSetSetSet(obj))
     14. │ └─base::stopifnot(is.numeric(zb) && length(zb) == 2)
     15. └─sf:::z_range.MtrxSetSetSet(obj)
     16. ├─sf:::zb_wrap(CPL_get_z_range(obj, 3))
     17. │ └─base::stopifnot(is.numeric(zb) && length(zb) == 2)
     18. └─sf:::CPL_get_z_range(obj, 3)
     ── Error (test-longlake-data.R:6:3): longlake data loader works as expected ────
     <Rcpp::exception/C++Error/error/condition>
     Error in `CPL_get_z_range(obj, 3)`: z error - expecting three columns;
     Backtrace:
     ▆
     1. └─ggspatial::load_longlake_data(...) at test-longlake-data.R:6:2
     2. └─sf::read_sf(file.path(longlake_folder, names(vector_layers)[i]))
     3. ├─sf::st_read(...)
     4. └─sf:::st_read.character(...)
     5. └─sf:::process_cpl_read_ogr(...)
     6. └─sf::st_sfc(geom[[i]], crs = attr(geom[[i]], "crs"))
     7. └─sf:::compute_z_range(lst)
     8. ├─sf:::zb_wrap(z_range.MtrxSetSetSet(obj))
     9. │ └─base::stopifnot(is.numeric(zb) && length(zb) == 2)
     10. └─sf:::z_range.MtrxSetSetSet(obj)
     11. ├─sf:::zb_wrap(CPL_get_z_range(obj, 3))
     12. │ └─base::stopifnot(is.numeric(zb) && length(zb) == 2)
     13. └─sf:::CPL_get_z_range(obj, 3)
    
     [ FAIL 3 | WARN 0 | SKIP 21 | PASS 84 ]
     Error: Test failures
     Execution halted
Flavor: r-devel-linux-x86_64-debian-gcc

Version: 1.1.5
Check: tests
Result: ERROR
     Running ‘testthat.R’ [38s/44s]
    Running the tests in ‘tests/testthat.R’ failed.
    Complete output:
     > library(testthat)
     > library(ggspatial)
     >
     > test_check("ggspatial")
     [ FAIL 3 | WARN 0 | SKIP 21 | PASS 84 ]
    
     ══ Skipped tests ═══════════════════════════════════════════════════════════════
     • On CRAN (20)
     • stars aren't implemented (1)
    
     ══ Failed tests ════════════════════════════════════════════════════════════════
     ── Error (test-df-spatial-sf.R:15:3): df_spatial() works with sf objects ───────
     <Rcpp::exception/C++Error/error/condition>
     Error in `CPL_get_z_range(obj, 3)`: z error - expecting three columns;
     Backtrace:
     ▆
     1. └─ggspatial::load_longlake_data() at test-df-spatial-sf.R:15:2
     2. └─sf::read_sf(file.path(longlake_folder, names(vector_layers)[i]))
     3. ├─sf::st_read(...)
     4. └─sf:::st_read.character(...)
     5. └─sf:::process_cpl_read_ogr(...)
     6. └─sf::st_sfc(geom[[i]], crs = attr(geom[[i]], "crs"))
     7. └─sf:::compute_z_range(lst)
     8. ├─sf:::zb_wrap(z_range.MtrxSetSetSet(obj))
     9. │ └─base::stopifnot(is.numeric(zb) && length(zb) == 2)
     10. └─sf:::z_range.MtrxSetSetSet(obj)
     11. ├─sf:::zb_wrap(CPL_get_z_range(obj, 3))
     12. │ └─base::stopifnot(is.numeric(zb) && length(zb) == 2)
     13. └─sf:::CPL_get_z_range(obj, 3)
     ── Error (test-df-spatial-sp.R:9:3): df_spatial() works with sp objects ────────
     <Rcpp::exception/C++Error/error/condition>
     Error in `CPL_get_z_range(obj, 3)`: z error - expecting three columns;
     Backtrace:
     ▆
     1. └─ggspatial::load_longlake_data(vector_format = "sp") at test-df-spatial-sp.R:9:2
     2. ├─base::suppressWarnings(...)
     3. │ └─base::withCallingHandlers(...)
     4. ├─methods::as(...)
     5. │ └─methods:::.class1(object)
     6. ├─sf::st_zm(sf::read_sf(file.path(longlake_folder, names(vector_layers)[i])))
     7. └─sf::read_sf(file.path(longlake_folder, names(vector_layers)[i]))
     8. ├─sf::st_read(...)
     9. └─sf:::st_read.character(...)
     10. └─sf:::process_cpl_read_ogr(...)
     11. └─sf::st_sfc(geom[[i]], crs = attr(geom[[i]], "crs"))
     12. └─sf:::compute_z_range(lst)
     13. ├─sf:::zb_wrap(z_range.MtrxSetSetSet(obj))
     14. │ └─base::stopifnot(is.numeric(zb) && length(zb) == 2)
     15. └─sf:::z_range.MtrxSetSetSet(obj)
     16. ├─sf:::zb_wrap(CPL_get_z_range(obj, 3))
     17. │ └─base::stopifnot(is.numeric(zb) && length(zb) == 2)
     18. └─sf:::CPL_get_z_range(obj, 3)
     ── Error (test-longlake-data.R:6:3): longlake data loader works as expected ────
     <Rcpp::exception/C++Error/error/condition>
     Error in `CPL_get_z_range(obj, 3)`: z error - expecting three columns;
     Backtrace:
     ▆
     1. └─ggspatial::load_longlake_data(...) at test-longlake-data.R:6:2
     2. └─sf::read_sf(file.path(longlake_folder, names(vector_layers)[i]))
     3. ├─sf::st_read(...)
     4. └─sf:::st_read.character(...)
     5. └─sf:::process_cpl_read_ogr(...)
     6. └─sf::st_sfc(geom[[i]], crs = attr(geom[[i]], "crs"))
     7. └─sf:::compute_z_range(lst)
     8. ├─sf:::zb_wrap(z_range.MtrxSetSetSet(obj))
     9. │ └─base::stopifnot(is.numeric(zb) && length(zb) == 2)
     10. └─sf:::z_range.MtrxSetSetSet(obj)
     11. ├─sf:::zb_wrap(CPL_get_z_range(obj, 3))
     12. │ └─base::stopifnot(is.numeric(zb) && length(zb) == 2)
     13. └─sf:::CPL_get_z_range(obj, 3)
    
     [ FAIL 3 | WARN 0 | SKIP 21 | PASS 84 ]
     Error: Test failures
     Execution halted
Flavor: r-patched-linux-x86_64

Version: 1.1.5
Check: tests
Result: ERROR
     Running ‘testthat.R’ [37s/43s]
    Running the tests in ‘tests/testthat.R’ failed.
    Complete output:
     > library(testthat)
     > library(ggspatial)
     >
     > test_check("ggspatial")
     [ FAIL 3 | WARN 0 | SKIP 21 | PASS 84 ]
    
     ══ Skipped tests ═══════════════════════════════════════════════════════════════
     • On CRAN (20)
     • stars aren't implemented (1)
    
     ══ Failed tests ════════════════════════════════════════════════════════════════
     ── Error (test-df-spatial-sf.R:15:3): df_spatial() works with sf objects ───────
     <Rcpp::exception/C++Error/error/condition>
     Error in `CPL_get_z_range(obj, 3)`: z error - expecting three columns;
     Backtrace:
     ▆
     1. └─ggspatial::load_longlake_data() at test-df-spatial-sf.R:15:2
     2. └─sf::read_sf(file.path(longlake_folder, names(vector_layers)[i]))
     3. ├─sf::st_read(...)
     4. └─sf:::st_read.character(...)
     5. └─sf:::process_cpl_read_ogr(...)
     6. └─sf::st_sfc(geom[[i]], crs = attr(geom[[i]], "crs"))
     7. └─sf:::compute_z_range(lst)
     8. ├─sf:::zb_wrap(z_range.MtrxSetSetSet(obj))
     9. │ └─base::stopifnot(is.numeric(zb) && length(zb) == 2)
     10. └─sf:::z_range.MtrxSetSetSet(obj)
     11. ├─sf:::zb_wrap(CPL_get_z_range(obj, 3))
     12. │ └─base::stopifnot(is.numeric(zb) && length(zb) == 2)
     13. └─sf:::CPL_get_z_range(obj, 3)
     ── Error (test-df-spatial-sp.R:9:3): df_spatial() works with sp objects ────────
     <Rcpp::exception/C++Error/error/condition>
     Error in `CPL_get_z_range(obj, 3)`: z error - expecting three columns;
     Backtrace:
     ▆
     1. └─ggspatial::load_longlake_data(vector_format = "sp") at test-df-spatial-sp.R:9:2
     2. ├─base::suppressWarnings(...)
     3. │ └─base::withCallingHandlers(...)
     4. ├─methods::as(...)
     5. │ └─methods:::.class1(object)
     6. ├─sf::st_zm(sf::read_sf(file.path(longlake_folder, names(vector_layers)[i])))
     7. └─sf::read_sf(file.path(longlake_folder, names(vector_layers)[i]))
     8. ├─sf::st_read(...)
     9. └─sf:::st_read.character(...)
     10. └─sf:::process_cpl_read_ogr(...)
     11. └─sf::st_sfc(geom[[i]], crs = attr(geom[[i]], "crs"))
     12. └─sf:::compute_z_range(lst)
     13. ├─sf:::zb_wrap(z_range.MtrxSetSetSet(obj))
     14. │ └─base::stopifnot(is.numeric(zb) && length(zb) == 2)
     15. └─sf:::z_range.MtrxSetSetSet(obj)
     16. ├─sf:::zb_wrap(CPL_get_z_range(obj, 3))
     17. │ └─base::stopifnot(is.numeric(zb) && length(zb) == 2)
     18. └─sf:::CPL_get_z_range(obj, 3)
     ── Error (test-longlake-data.R:6:3): longlake data loader works as expected ────
     <Rcpp::exception/C++Error/error/condition>
     Error in `CPL_get_z_range(obj, 3)`: z error - expecting three columns;
     Backtrace:
     ▆
     1. └─ggspatial::load_longlake_data(...) at test-longlake-data.R:6:2
     2. └─sf::read_sf(file.path(longlake_folder, names(vector_layers)[i]))
     3. ├─sf::st_read(...)
     4. └─sf:::st_read.character(...)
     5. └─sf:::process_cpl_read_ogr(...)
     6. └─sf::st_sfc(geom[[i]], crs = attr(geom[[i]], "crs"))
     7. └─sf:::compute_z_range(lst)
     8. ├─sf:::zb_wrap(z_range.MtrxSetSetSet(obj))
     9. │ └─base::stopifnot(is.numeric(zb) && length(zb) == 2)
     10. └─sf:::z_range.MtrxSetSetSet(obj)
     11. ├─sf:::zb_wrap(CPL_get_z_range(obj, 3))
     12. │ └─base::stopifnot(is.numeric(zb) && length(zb) == 2)
     13. └─sf:::CPL_get_z_range(obj, 3)
    
     [ FAIL 3 | WARN 0 | SKIP 21 | PASS 84 ]
     Error: Test failures
     Execution halted
Flavor: r-release-linux-x86_64