CRAN Package Check Results for Package ggspatial

Last updated on 2021-11-27 11:52:45 CET.

Flavor Version Tinstall Tcheck Ttotal Status Flags
r-devel-linux-x86_64-debian-clang 1.1.5 NOTE
r-devel-linux-x86_64-debian-gcc 1.1.5 9.39 105.56 114.95 NOTE
r-devel-linux-x86_64-fedora-clang 1.1.5 209.51 NOTE
r-devel-linux-x86_64-fedora-gcc 1.1.5 190.60 NOTE
r-devel-windows-x86_64-new-UL 1.1.5 29.00 201.00 230.00 NOTE
r-devel-windows-x86_64-new-TK 1.1.5 NOTE
r-devel-windows-x86_64-old 1.1.5 15.00 187.00 202.00 NOTE
r-patched-linux-x86_64 1.1.5 15.13 132.29 147.42 NOTE
r-patched-solaris-x86 1.1.5 236.80 NOTE
r-release-linux-x86_64 1.1.5 NOTE
r-release-macos-arm64 1.1.5 NOTE
r-release-macos-x86_64 1.1.5 NOTE
r-release-windows-ix86+x86_64 1.1.5 23.00 138.00 161.00 NOTE
r-oldrel-macos-x86_64 1.1.5 OK
r-oldrel-windows-ix86+x86_64 1.1.5 28.00 184.00 212.00 OK

Check Details

Version: 1.1.5
Check: LazyData
Result: NOTE
     'LazyData' is specified without a 'data' directory
Flavors: r-devel-linux-x86_64-debian-clang, r-devel-linux-x86_64-debian-gcc, r-devel-linux-x86_64-fedora-clang, r-devel-linux-x86_64-fedora-gcc, r-devel-windows-x86_64-new-UL, r-devel-windows-x86_64-new-TK, r-devel-windows-x86_64-old, r-patched-linux-x86_64, r-patched-solaris-x86, r-release-linux-x86_64, r-release-macos-arm64, r-release-macos-x86_64, r-release-windows-ix86+x86_64