CRAN Package Check Results for Package ggspatial

Last updated on 2019-04-22 09:49:22 CEST.

Flavor Version Tinstall Tcheck Ttotal Status Flags
r-devel-linux-x86_64-debian-clang 1.0.3 7.03 115.05 122.08 OK
r-devel-linux-x86_64-debian-gcc 1.0.3 7.64 91.22 98.86 OK
r-devel-linux-x86_64-fedora-clang 1.0.3 141.77 NOTE
r-devel-linux-x86_64-fedora-gcc 1.0.3 137.90 NOTE
r-devel-windows-ix86+x86_64 1.0.3 19.00 132.00 151.00 OK
r-patched-linux-x86_64 1.0.3 7.83 111.03 118.86 OK
r-patched-solaris-x86 1.0.3 218.90 NOTE
r-release-linux-x86_64 1.0.3 5.39 113.08 118.47 OK
r-release-windows-ix86+x86_64 1.0.3 12.00 185.00 197.00 OK
r-release-osx-x86_64 1.0.3 NOTE
r-oldrel-windows-ix86+x86_64 1.0.3 16.00 222.00 238.00 OK
r-oldrel-osx-x86_64 1.0.3 NOTE

Check Details

Version: 1.0.3
Check: dependencies in R code
Result: NOTE
    Namespaces in Imports field not imported from:
     ‘reshape2’ ‘rosm’
     All declared Imports should be used.
Flavors: r-devel-linux-x86_64-fedora-clang, r-devel-linux-x86_64-fedora-gcc, r-patched-solaris-x86, r-release-osx-x86_64, r-oldrel-osx-x86_64