CRAN Package Check Results for Package ggspatial

Last updated on 2021-06-24 22:54:27 CEST.

Flavor Version Tinstall Tcheck Ttotal Status Flags
r-devel-linux-x86_64-debian-clang 1.1.5 11.99 120.18 132.17 NOTE
r-devel-linux-x86_64-debian-gcc 1.1.5 8.75 88.58 97.33 NOTE
r-devel-linux-x86_64-fedora-clang 1.1.5 169.99 NOTE
r-devel-linux-x86_64-fedora-gcc 1.1.5 160.07 NOTE
r-devel-windows-x86_64 1.1.5 18.00 117.00 135.00 NOTE
r-devel-windows-x86_64-gcc10-UCRT 1.1.5 NOTE
r-patched-linux-x86_64 1.1.5 15.82 110.76 126.58 NOTE
r-patched-solaris-x86 1.1.5 202.90 NOTE
r-release-linux-x86_64 1.1.5 9.73 110.49 120.22 NOTE
r-release-macos-arm64 1.1.5 NOTE
r-release-macos-x86_64 1.1.5 NOTE
r-release-windows-ix86+x86_64 1.1.5 15.00 114.00 129.00 NOTE
r-oldrel-macos-x86_64 1.1.5 OK
r-oldrel-windows-ix86+x86_64 1.1.5 24.00 133.00 157.00 OK

Check Details

Version: 1.1.5
Check: LazyData
Result: NOTE
     'LazyData' is specified without a 'data' directory
Flavors: r-devel-linux-x86_64-debian-clang, r-devel-linux-x86_64-debian-gcc, r-devel-linux-x86_64-fedora-clang, r-devel-linux-x86_64-fedora-gcc, r-devel-windows-x86_64, r-devel-windows-x86_64-gcc10-UCRT, r-patched-linux-x86_64, r-patched-solaris-x86, r-release-linux-x86_64, r-release-macos-arm64, r-release-macos-x86_64, r-release-windows-ix86+x86_64