CRAN Package Check Results for Package ggspectra

Last updated on 2020-07-16 19:47:20 CEST.

Flavor Version Tinstall Tcheck Ttotal Status Flags
r-devel-linux-x86_64-debian-clang 0.3.6 12.91 253.00 265.91 OK
r-devel-linux-x86_64-debian-gcc 0.3.6 10.12 178.78 188.90 OK
r-devel-linux-x86_64-fedora-clang 0.3.6 300.97 NOTE
r-devel-linux-x86_64-fedora-gcc 0.3.6 302.58 NOTE
r-devel-windows-ix86+x86_64 0.3.6 34.00 340.00 374.00 OK
r-patched-linux-x86_64 0.3.6 11.83 235.18 247.01 OK
r-patched-solaris-x86 0.3.6 403.50 NOTE
r-release-linux-x86_64 0.3.6 13.00 233.64 246.64 OK
r-release-windows-ix86+x86_64 0.3.6 35.00 253.00 288.00 OK
r-oldrel-macos-x86_64 0.3.6 NOTE
r-oldrel-windows-ix86+x86_64 0.3.6 34.00 339.00 373.00 OK

Check Details

Version: 0.3.6
Check: dependencies in R code
Result: NOTE
    Namespace in Imports field not imported from: ‘dplyr’
     All declared Imports should be used.
Flavors: r-devel-linux-x86_64-fedora-clang, r-devel-linux-x86_64-fedora-gcc, r-patched-solaris-x86, r-oldrel-macos-x86_64