CRAN Package Check Results for Package ggspectra

Last updated on 2021-03-02 21:47:42 CET.

Flavor Version Tinstall Tcheck Ttotal Status Flags
r-devel-linux-x86_64-debian-clang 0.3.7 OK
r-devel-linux-x86_64-debian-gcc 0.3.7 10.01 175.95 185.96 OK
r-devel-linux-x86_64-fedora-clang 0.3.7 300.24 NOTE
r-devel-linux-x86_64-fedora-gcc 0.3.7 291.16 NOTE
r-devel-windows-ix86+x86_64 0.3.7 26.00 295.00 321.00 OK
r-patched-linux-x86_64 0.3.7 11.38 227.05 238.43 OK
r-patched-solaris-x86 0.3.7 355.40 NOTE
r-release-linux-x86_64 0.3.7 12.52 228.65 241.17 OK
r-release-macos-x86_64 0.3.7 NOTE
r-release-windows-ix86+x86_64 0.3.7 22.00 219.00 241.00 OK
r-oldrel-macos-x86_64 0.3.7 NOTE
r-oldrel-windows-ix86+x86_64 0.3.7 23.00 314.00 337.00 OK

Check Details

Version: 0.3.7
Check: dependencies in R code
Result: NOTE
    Namespaces in Imports field not imported from:
     ‘dplyr’ ‘tibble’
     All declared Imports should be used.
Flavors: r-devel-linux-x86_64-fedora-clang, r-devel-linux-x86_64-fedora-gcc, r-patched-solaris-x86, r-release-macos-x86_64, r-oldrel-macos-x86_64