CRAN Package Check Results for Package ggspectra

Last updated on 2021-11-30 12:53:33 CET.

Flavor Version Tinstall Tcheck Ttotal Status Flags
r-devel-linux-x86_64-debian-clang 0.3.7 14.53 264.93 279.46 NOTE
r-devel-linux-x86_64-debian-gcc 0.3.7 10.49 185.11 195.60 NOTE
r-devel-linux-x86_64-fedora-clang 0.3.7 324.55 NOTE
r-devel-linux-x86_64-fedora-gcc 0.3.7 304.75 NOTE
r-devel-windows-x86_64-new-UL 0.3.7 37.00 455.00 492.00 NOTE
r-devel-windows-x86_64-new-TK 0.3.7 NOTE
r-devel-windows-x86_64-old 0.3.7 23.00 223.00 246.00 NOTE
r-patched-linux-x86_64 0.3.7 10.03 233.13 243.16 NOTE
r-patched-solaris-x86 0.3.7 209.00 NOTE
r-release-linux-x86_64 0.3.7 11.71 231.86 243.57 NOTE
r-release-macos-arm64 0.3.7 NOTE
r-release-macos-x86_64 0.3.7 NOTE
r-release-windows-ix86+x86_64 0.3.7 26.00 215.00 241.00 NOTE
r-oldrel-macos-x86_64 0.3.7 NOTE
r-oldrel-windows-ix86+x86_64 0.3.7 19.00 254.00 273.00 OK

Check Details

Version: 0.3.7
Check: LazyData
Result: NOTE
     'LazyData' is specified without a 'data' directory
Flavors: r-devel-linux-x86_64-debian-clang, r-devel-linux-x86_64-debian-gcc, r-devel-linux-x86_64-fedora-clang, r-devel-linux-x86_64-fedora-gcc, r-devel-windows-x86_64-new-UL, r-devel-windows-x86_64-new-TK, r-devel-windows-x86_64-old, r-patched-linux-x86_64, r-patched-solaris-x86, r-release-linux-x86_64, r-release-macos-arm64, r-release-macos-x86_64, r-release-windows-ix86+x86_64

Version: 0.3.7
Check: dependencies in R code
Result: NOTE
    Namespaces in Imports field not imported from:
     ‘dplyr’ ‘tibble’
     All declared Imports should be used.
Flavors: r-devel-linux-x86_64-fedora-clang, r-devel-linux-x86_64-fedora-gcc, r-devel-windows-x86_64-new-TK, r-patched-solaris-x86, r-release-macos-arm64, r-release-macos-x86_64, r-oldrel-macos-x86_64