Last updated on 2023-06-06 23:58:30 CEST.
Flavor | Version | Tinstall | Tcheck | Ttotal | Status | Flags |
---|---|---|---|---|---|---|
r-devel-linux-x86_64-debian-clang | 1.0.4 | 5.96 | 52.84 | 58.80 | OK | |
r-devel-linux-x86_64-debian-gcc | 1.0.4 | 3.86 | 40.36 | 44.22 | OK | |
r-devel-linux-x86_64-fedora-clang | 1.0.4 | 75.05 | NOTE | |||
r-devel-linux-x86_64-fedora-gcc | 1.0.4 | 81.84 | OK | |||
r-devel-windows-x86_64 | 1.0.4 | 7.00 | 60.00 | 67.00 | OK | |
r-patched-linux-x86_64 | 1.0.4 | 5.06 | 51.23 | 56.29 | OK | |
r-release-linux-x86_64 | 1.0.4 | 5.70 | 49.42 | 55.12 | OK | |
r-release-macos-arm64 | 1.0.4 | 33.00 | OK | |||
r-release-macos-x86_64 | 1.0.4 | 49.00 | OK | |||
r-release-windows-x86_64 | 1.0.4 | 9.00 | 69.00 | 78.00 | OK | |
r-oldrel-macos-arm64 | 1.0.4 | 32.00 | OK | |||
r-oldrel-macos-x86_64 | 1.0.4 | 37.00 | OK | |||
r-oldrel-windows-x86_64 | 1.0.4 | 8.00 | 70.00 | 78.00 | OK |
Version: 1.0.4
Check: Rd cross-references
Result: NOTE
Undeclared package ‘rlang’ in Rd xrefs
Flavor: r-devel-linux-x86_64-fedora-clang