CRAN Package Check Results for Package ggstatsplot

Last updated on 2019-08-18 06:46:59 CEST.

Flavor Version Tinstall Tcheck Ttotal Status Flags
r-devel-linux-x86_64-debian-clang 0.0.12 27.80 319.52 347.32 OK
r-devel-linux-x86_64-debian-gcc 0.0.12 24.34 245.63 269.97 OK
r-devel-linux-x86_64-fedora-clang 0.0.12 410.81 OK
r-devel-linux-x86_64-fedora-gcc 0.0.12 403.73 OK
r-devel-windows-ix86+x86_64 0.0.12 119.00 596.00 715.00 OK
r-patched-linux-x86_64 0.0.12 31.52 312.95 344.47 OK
r-patched-solaris-x86 0.0.12 581.40 OK
r-release-linux-x86_64 0.0.12 27.47 311.50 338.97 OK
r-release-windows-ix86+x86_64 0.0.12 72.00 608.00 680.00 OK
r-release-osx-x86_64 0.0.12 OK
r-oldrel-windows-ix86+x86_64 0.0.12 84.00 541.00 625.00 OK
r-oldrel-osx-x86_64 0.0.12 ERROR

Check Details

Version: 0.0.12
Check: package dependencies
Result: ERROR
    Package required and available but unsuitable version: ‘broomExtra’
    
    See section ‘The DESCRIPTION file’ in the ‘Writing R Extensions’
    manual.
Flavor: r-oldrel-osx-x86_64