CRAN Package Check Results for Package ggstatsplot

Last updated on 2021-04-13 05:49:21 CEST.

Flavor Version Tinstall Tcheck Ttotal Status Flags
r-devel-linux-x86_64-debian-clang 0.7.1 20.58 200.04 220.62 OK
r-devel-linux-x86_64-debian-gcc 0.7.1 16.11 148.72 164.83 OK
r-devel-linux-x86_64-fedora-clang 0.7.2 250.31 OK
r-devel-linux-x86_64-fedora-gcc 0.7.2 120.74 OK
r-devel-windows-ix86+x86_64 0.7.1 46.00 226.00 272.00 OK
r-devel-windows-x86_64-gcc10-UCRT 0.7.1 OK
r-patched-linux-x86_64 0.7.1 18.12 189.10 207.22 OK
r-patched-solaris-x86 0.7.2 337.20 NOTE
r-release-linux-x86_64 0.7.1 20.58 192.67 213.25 OK
r-release-macos-x86_64 0.7.1 ERROR
r-release-windows-ix86+x86_64 0.7.1 46.00 230.00 276.00 OK
r-oldrel-macos-x86_64 0.7.1 OK
r-oldrel-windows-ix86+x86_64 0.7.1 26.00 157.00 183.00 OK

Check Details

Version: 0.7.2
Check: installed package size
Result: NOTE
     installed size is 5.6Mb
     sub-directories of 1Mb or more:
     help 5.1Mb
Flavor: r-patched-solaris-x86

Version: 0.7.1
Check: package dependencies
Result: ERROR
    Package required and available but unsuitable version: ‘statsExpressions’
    
    See section ‘The DESCRIPTION file’ in the ‘Writing R Extensions’
    manual.
Flavor: r-release-macos-x86_64