CRAN Package Check Results for Package ggstatsplot

Last updated on 2019-11-20 04:47:17 CET.

Flavor Version Tinstall Tcheck Ttotal Status Flags
r-devel-linux-x86_64-debian-clang 0.1.2 25.59 294.89 320.48 OK
r-devel-linux-x86_64-debian-gcc 0.1.2 22.37 237.44 259.81 OK
r-devel-linux-x86_64-fedora-clang 0.1.2 389.39 OK
r-devel-linux-x86_64-fedora-gcc 0.1.2 403.49 OK
r-devel-windows-ix86+x86_64 0.1.2 121.00 491.00 612.00 OK
r-devel-windows-ix86+x86_64-gcc8 0.1.2 113.00 328.00 441.00 OK
r-patched-linux-x86_64 0.1.2 26.62 279.25 305.87 OK
r-patched-solaris-x86 0.1.2 531.00 OK
r-release-linux-x86_64 0.1.2 21.90 281.15 303.05 OK
r-release-windows-ix86+x86_64 0.1.2 115.00 476.00 591.00 OK
r-release-osx-x86_64 0.1.2 OK
r-oldrel-windows-ix86+x86_64 0.1.2 44.00 298.00 342.00 OK
r-oldrel-osx-x86_64 0.1.2 ERROR

Check Details

Version: 0.1.2
Check: package dependencies
Result: ERROR
    Package required but not available: ‘statsExpressions’
    
    Packages required and available but unsuitable versions:
     ‘groupedstats’ ‘pairwiseComparisons’
    
    See section ‘The DESCRIPTION file’ in the ‘Writing R Extensions’
    manual.
Flavor: r-oldrel-osx-x86_64