CRAN Package Check Results for Package ggstatsplot

Last updated on 2021-06-17 21:52:43 CEST.

Flavor Version Tinstall Tcheck Ttotal Status Flags
r-devel-linux-x86_64-debian-clang 0.8.0 18.67 219.31 237.98 OK
r-devel-linux-x86_64-debian-gcc 0.8.0 15.46 160.46 175.92 OK
r-devel-linux-x86_64-fedora-clang 0.8.0 286.73 OK
r-devel-linux-x86_64-fedora-gcc 0.8.0 272.12 OK
r-devel-windows-x86_64 0.8.0 31.00 244.00 275.00 OK
r-devel-windows-x86_64-gcc10-UCRT 0.8.0 NOTE
r-patched-linux-x86_64 0.8.0 19.32 205.40 224.72 OK
r-patched-solaris-x86 0.8.0 369.30 OK
r-release-linux-x86_64 0.8.0 20.69 207.63 228.32 OK
r-release-macos-arm64 0.7.2 OK
r-release-macos-x86_64 0.8.0 OK
r-release-windows-ix86+x86_64 0.8.0 29.00 172.00 201.00 OK
r-oldrel-macos-x86_64 0.8.0 ERROR
r-oldrel-windows-ix86+x86_64 0.8.0 27.00 240.00 267.00 OK

Check Details

Version: 0.8.0
Check: package dependencies
Result: NOTE
    Package suggested but not available for checking: 'vdiffr'
Flavor: r-devel-windows-x86_64-gcc10-UCRT

Version: 0.8.0
Check: package dependencies
Result: ERROR
    Package required and available but unsuitable version: ‘statsExpressions’
    
    See section ‘The DESCRIPTION file’ in the ‘Writing R Extensions’
    manual.
Flavor: r-oldrel-macos-x86_64