CRAN Package Check Results for Package ggstatsplot

Last updated on 2020-08-09 16:47:53 CEST.

Flavor Version Tinstall Tcheck Ttotal Status Flags
r-devel-linux-x86_64-debian-clang 0.5.0 33.13 300.58 333.71 OK
r-devel-linux-x86_64-debian-gcc 0.5.0 19.92 220.49 240.41 OK
r-devel-linux-x86_64-fedora-clang 0.5.0 392.07 OK
r-devel-linux-x86_64-fedora-gcc 0.5.0 408.26 OK
r-devel-windows-ix86+x86_64 0.5.0 113.00 439.00 552.00 OK
r-patched-linux-x86_64 0.5.0 0.56 2.84 3.40 ERROR
r-patched-solaris-x86 0.5.0 550.30 OK
r-release-linux-x86_64 0.5.0 31.40 293.47 324.87 OK
r-release-macos-x86_64 0.5.0 OK
r-release-windows-ix86+x86_64 0.5.0 113.00 451.00 564.00 OK
r-oldrel-macos-x86_64 0.5.0 OK
r-oldrel-windows-ix86+x86_64 0.5.0 67.00 291.00 358.00 OK

Check Details

Version: 0.5.0
Check: package dependencies
Result: ERROR
    Packages required but not available:
     'pairwiseComparisons', 'statsExpressions'
    
    See section ‘The DESCRIPTION file’ in the ‘Writing R Extensions’
    manual.
Flavor: r-patched-linux-x86_64