CRAN Package Check Results for Package ggstatsplot

Last updated on 2019-06-17 04:46:36 CEST.

Flavor Version Tinstall Tcheck Ttotal Status Flags
r-devel-linux-x86_64-debian-clang 0.0.11 22.46 231.55 254.01 OK
r-devel-linux-x86_64-debian-gcc 0.0.11 19.35 181.11 200.46 OK
r-devel-linux-x86_64-fedora-clang 0.0.11 299.96 NOTE
r-devel-linux-x86_64-fedora-gcc 0.0.11 290.47 OK
r-devel-windows-ix86+x86_64 0.0.11 48.00 5.00 53.00 ERROR
r-patched-linux-x86_64 0.0.10 20.75 206.48 227.23 OK
r-patched-solaris-x86 0.0.11 417.70 NOTE
r-release-linux-x86_64 0.0.11 22.29 229.75 252.04 OK
r-release-windows-ix86+x86_64 0.0.11 31.00 5.00 36.00 ERROR
r-release-osx-x86_64 0.0.11 NOTE
r-oldrel-windows-ix86+x86_64 0.0.11 32.00 5.00 37.00 ERROR
r-oldrel-osx-x86_64 0.0.11 ERROR

Check Details

Version: 0.0.11
Check: installed package size
Result: NOTE
     installed size is 5.0Mb
     sub-directories of 1Mb or more:
     help 4.5Mb
Flavors: r-devel-linux-x86_64-fedora-clang, r-patched-solaris-x86, r-release-osx-x86_64

Version: 0.0.11
Check: whether package can be installed
Result: ERROR
    Installation failed.
Flavors: r-devel-windows-ix86+x86_64, r-release-windows-ix86+x86_64, r-oldrel-windows-ix86+x86_64

Version: 0.0.11
Check: package dependencies
Result: ERROR
    Package required and available but unsuitable version: ‘boot’
    
    See section ‘The DESCRIPTION file’ in the ‘Writing R Extensions’
    manual.
Flavor: r-oldrel-osx-x86_64