CRAN Package Check Results for Package ggstream

Last updated on 2021-09-27 07:49:29 CEST.

Flavor Version Tinstall Tcheck Ttotal Status Flags
r-devel-linux-x86_64-debian-clang 0.1.0 4.47 39.68 44.15 OK
r-devel-linux-x86_64-debian-gcc 0.1.0 3.37 30.28 33.65 OK
r-devel-linux-x86_64-fedora-clang 0.1.0 60.77 NOTE
r-devel-linux-x86_64-fedora-gcc 0.1.0 49.11 NOTE
r-devel-windows-x86_64 0.1.0 5.00 43.00 48.00 OK
r-devel-windows-x86_64-gcc10-UCRT 0.1.0 NOTE
r-patched-linux-x86_64 0.1.0 4.29 36.77 41.06 OK
r-patched-solaris-x86 0.1.0 70.60 NOTE
r-release-linux-x86_64 0.1.0 4.06 36.74 40.80 OK
r-release-macos-arm64 0.1.0 NOTE
r-release-macos-x86_64 0.1.0 NOTE
r-release-windows-ix86+x86_64 0.1.0 10.00 41.00 51.00 OK
r-oldrel-macos-x86_64 0.1.0 NOTE
r-oldrel-windows-ix86+x86_64 0.1.0 7.00 41.00 48.00 OK

Check Details

Version: 0.1.0
Check: dependencies in R code
Result: NOTE
    Namespace in Imports field not imported from: ‘tidyr’
     All declared Imports should be used.
Flavors: r-devel-linux-x86_64-fedora-clang, r-devel-linux-x86_64-fedora-gcc, r-devel-windows-x86_64-gcc10-UCRT, r-patched-solaris-x86, r-release-macos-arm64, r-release-macos-x86_64, r-oldrel-macos-x86_64