CRAN Package Check Results for Package ggswissmaps

Last updated on 2020-04-09 22:50:24 CEST.

Flavor Version Tinstall Tcheck Ttotal Status Flags
r-devel-linux-x86_64-debian-clang 0.1.1 5.12 50.78 55.90 OK
r-devel-linux-x86_64-debian-gcc 0.1.1 4.19 40.72 44.91 OK
r-devel-linux-x86_64-fedora-clang 0.1.1 68.61 OK
r-devel-linux-x86_64-fedora-gcc 0.1.1 66.00 OK
r-devel-windows-ix86+x86_64 0.1.1 16.00 102.00 118.00 OK
r-devel-windows-ix86+x86_64-gcc8 0.1.1 15.00 65.00 80.00 OK
r-patched-linux-x86_64 0.1.1 4.97 47.86 52.83 OK
r-patched-osx-x86_64 0.1.1 WARN
r-patched-solaris-x86 0.1.1 99.30 OK
r-release-linux-x86_64 0.1.1 3.66 45.45 49.11 OK
r-release-windows-ix86+x86_64 0.1.1 14.00 91.00 105.00 OK
r-release-osx-x86_64 0.1.1 OK
r-oldrel-windows-ix86+x86_64 0.1.1 14.00 65.00 79.00 OK
r-oldrel-osx-x86_64 0.1.1 OK

Check Details

Version: 0.1.1
Check: re-building of vignette outputs
Result: WARN
    Error(s) in re-building vignettes:
    --- re-building ‘ggswissmaps_intro.Rmd’ using rmarkdown
    
    Attaching package: 'dplyr'
    
    The following objects are masked from 'package:stats':
    
     filter, lag
    
    The following objects are masked from 'package:base':
    
     intersect, setdiff, setequal, union
    
    dyld: lazy symbol binding failed: Symbol not found: ____chkstk_darwin
     Referenced from: /usr/local/bin/pandoc (which was built for Mac OS X 10.15)
     Expected in: /usr/lib/libSystem.B.dylib
    
    dyld: Symbol not found: ____chkstk_darwin
     Referenced from: /usr/local/bin/pandoc (which was built for Mac OS X 10.15)
     Expected in: /usr/lib/libSystem.B.dylib
    
    Error: processing vignette 'ggswissmaps_intro.Rmd' failed with diagnostics:
    pandoc document conversion failed with error 6
    --- failed re-building ‘ggswissmaps_intro.Rmd’
    
    SUMMARY: processing the following file failed:
     ‘ggswissmaps_intro.Rmd’
    
    Error: Vignette re-building failed.
    Execution halted
Flavor: r-patched-osx-x86_64