CRAN Package Check Results for Package ggtern

Last updated on 2022-05-25 08:58:50 CEST.

Flavor Version Tinstall Tcheck Ttotal Status Flags
r-devel-linux-x86_64-debian-clang 3.3.5 19.95 164.80 184.75 OK
r-devel-linux-x86_64-debian-gcc 3.3.5 14.37 118.07 132.44 OK
r-devel-linux-x86_64-fedora-clang 3.3.5 209.90 NOTE
r-devel-linux-x86_64-fedora-gcc 3.3.5 207.49 NOTE
r-devel-windows-x86_64 3.3.5 77.00 184.00 261.00 OK
r-patched-linux-x86_64 3.3.5 22.56 149.93 172.49 OK
r-release-linux-x86_64 3.3.5 OK
r-release-macos-arm64 3.3.5 52.00 NOTE
r-release-macos-x86_64 3.3.5 102.00 NOTE
r-release-windows-x86_64 3.3.5 86.00 182.00 268.00 OK
r-oldrel-macos-arm64 3.3.5 66.00 NOTE
r-oldrel-macos-x86_64 3.3.5 73.00 NOTE
r-oldrel-windows-ix86+x86_64 3.3.5 34.00 177.00 211.00 OK

Check Details

Version: 3.3.5
Check: dependencies in R code
Result: NOTE
    Namespace in Imports field not imported from: ‘hexbin’
     All declared Imports should be used.
Flavors: r-devel-linux-x86_64-fedora-clang, r-devel-linux-x86_64-fedora-gcc, r-release-macos-arm64, r-release-macos-x86_64, r-oldrel-macos-arm64, r-oldrel-macos-x86_64

Version: 3.3.5
Check: Rd cross-references
Result: NOTE
    Undeclared packages ‘chemometrics’, ‘rlang’ in Rd xrefs
Flavor: r-devel-linux-x86_64-fedora-clang