Last updated on 2023-03-27 12:54:22 CEST.
Flavor | Version | Tinstall | Tcheck | Ttotal | Status | Flags |
---|---|---|---|---|---|---|
r-devel-linux-x86_64-debian-clang | 3.4.1 | 18.07 | 163.86 | 181.93 | OK | |
r-devel-linux-x86_64-debian-gcc | 3.4.1 | 13.53 | 118.97 | 132.50 | OK | |
r-devel-linux-x86_64-fedora-clang | 3.4.1 | 217.71 | NOTE | |||
r-devel-linux-x86_64-fedora-gcc | 3.4.1 | 221.08 | OK | |||
r-patched-linux-x86_64 | 3.4.1 | 24.73 | 154.65 | 179.38 | OK | |
r-release-linux-x86_64 | 3.4.1 | 16.54 | 145.84 | 162.38 | OK | |
r-release-macos-arm64 | 3.4.1 | 65.00 | OK | |||
r-release-macos-x86_64 | 3.4.1 | 82.00 | OK | |||
r-release-windows-x86_64 | 3.4.1 | 92.00 | 193.00 | 285.00 | OK | |
r-oldrel-macos-arm64 | 3.4.1 | 64.00 | OK | |||
r-oldrel-macos-x86_64 | 3.4.1 | 83.00 | OK | |||
r-oldrel-windows-ix86+x86_64 | 3.4.1 | 35.00 | 191.00 | 226.00 | OK |
Version: 3.4.1
Check: Rd cross-references
Result: NOTE
Undeclared packages ‘chemometrics’, ‘rlang’ in Rd xrefs
Flavor: r-devel-linux-x86_64-fedora-clang