CRAN Package Check Results for Package ggtern

Last updated on 2021-06-16 00:48:45 CEST.

Flavor Version Tinstall Tcheck Ttotal Status Flags
r-devel-linux-x86_64-debian-clang 3.3.0 18.38 139.68 158.06 OK
r-devel-linux-x86_64-debian-gcc 3.3.0 13.55 100.79 114.34 OK
r-devel-linux-x86_64-fedora-clang 3.3.0 190.96 NOTE
r-devel-linux-x86_64-fedora-gcc 3.3.0 179.05 NOTE
r-devel-windows-x86_64 3.3.0 28.00 169.00 197.00 OK
r-devel-windows-x86_64-gcc10-UCRT 3.3.0 NOTE
r-patched-linux-x86_64 3.3.0 23.68 128.45 152.13 OK
r-patched-solaris-x86 3.3.0 229.70 NOTE
r-release-linux-x86_64 3.3.0 16.50 129.51 146.01 OK
r-release-macos-arm64 3.3.0 NOTE
r-release-macos-x86_64 3.3.0 NOTE
r-release-windows-ix86+x86_64 3.3.0 33.00 164.00 197.00 OK
r-oldrel-macos-x86_64 3.3.0 NOTE
r-oldrel-windows-ix86+x86_64 3.3.0 32.00 169.00 201.00 OK

Check Details

Version: 3.3.0
Check: dependencies in R code
Result: NOTE
    Namespace in Imports field not imported from: ‘hexbin’
     All declared Imports should be used.
Flavors: r-devel-linux-x86_64-fedora-clang, r-devel-linux-x86_64-fedora-gcc, r-devel-windows-x86_64-gcc10-UCRT, r-patched-solaris-x86, r-release-macos-arm64, r-release-macos-x86_64, r-oldrel-macos-x86_64

Version: 3.3.0
Check: Rd cross-references
Result: NOTE
    Undeclared package ‘chemometrics’ in Rd xrefs
Flavor: r-devel-linux-x86_64-fedora-clang