CRAN Package Check Results for Package ggthemes

Last updated on 2021-10-23 12:07:32 CEST.

Flavor Version Tinstall Tcheck Ttotal Status Flags
r-devel-linux-x86_64-debian-clang 4.2.4 9.39 103.73 113.12 OK
r-devel-linux-x86_64-debian-gcc 4.2.4 7.98 75.63 83.61 OK
r-devel-linux-x86_64-fedora-clang 4.2.4 140.60 NOTE
r-devel-linux-x86_64-fedora-gcc 4.2.4 127.98 NOTE
r-devel-windows-x86_64 4.2.4 16.00 155.00 171.00 OK
r-devel-windows-x86_64-gcc10-UCRT 4.2.4 NOTE
r-patched-linux-x86_64 4.2.4 14.22 95.82 110.04 OK
r-patched-solaris-x86 4.2.4 172.50 NOTE
r-release-linux-x86_64 4.2.4 8.20 95.78 103.98 OK
r-release-macos-arm64 4.2.4 NOTE
r-release-macos-x86_64 4.2.4 NOTE
r-release-windows-ix86+x86_64 4.2.4 15.00 136.00 151.00 OK
r-oldrel-macos-x86_64 4.2.4 NOTE
r-oldrel-windows-ix86+x86_64 4.2.4 21.00 135.00 156.00 OK

Check Details

Version: 4.2.4
Check: data for non-ASCII characters
Result: NOTE
     Note: found 138 marked UTF-8 strings
Flavors: r-devel-linux-x86_64-fedora-clang, r-devel-linux-x86_64-fedora-gcc, r-devel-windows-x86_64-gcc10-UCRT, r-patched-solaris-x86, r-release-macos-arm64, r-release-macos-x86_64, r-oldrel-macos-x86_64