Last updated on 2023-05-31 16:56:52 CEST.
Flavor | Version | Tinstall | Tcheck | Ttotal | Status | Flags |
---|---|---|---|---|---|---|
r-devel-linux-x86_64-debian-clang | 0.5.0 | 25.21 | 178.63 | 203.84 | OK | |
r-devel-linux-x86_64-debian-gcc | 0.5.0 | 19.08 | 134.43 | 153.51 | OK | |
r-devel-linux-x86_64-fedora-clang | 0.5.0 | 266.48 | NOTE | |||
r-devel-linux-x86_64-fedora-gcc | 0.5.0 | 279.50 | NOTE | |||
r-devel-windows-x86_64 | 0.5.0 | 27.00 | 168.00 | 195.00 | OK | |
r-patched-linux-x86_64 | 0.5.0 | OK | ||||
r-release-linux-x86_64 | 0.5.0 | 23.27 | 166.07 | 189.34 | OK | |
r-release-macos-arm64 | 0.5.0 | 71.00 | OK | |||
r-release-macos-x86_64 | 0.5.0 | 118.00 | OK | |||
r-release-windows-x86_64 | 0.5.0 | 30.00 | 205.00 | 235.00 | OK | |
r-oldrel-macos-arm64 | 0.5.0 | 148.00 | NOTE | |||
r-oldrel-macos-x86_64 | 0.5.0 | 192.00 | NOTE | |||
r-oldrel-windows-x86_64 | 0.5.0 | 28.00 | 199.00 | 227.00 | OK |
Version: 0.5.0
Check: data for non-ASCII characters
Result: NOTE
Note: found 203 marked UTF-8 strings
Flavors: r-devel-linux-x86_64-fedora-clang, r-devel-linux-x86_64-fedora-gcc, r-oldrel-macos-arm64, r-oldrel-macos-x86_64