CRAN Package Check Results for Package ghcm

Last updated on 2022-11-27 09:53:29 CET.

Flavor Version Tinstall Tcheck Ttotal Status Flags
r-devel-linux-x86_64-debian-clang 3.0.0 22.55 313.82 336.37 NOTE
r-devel-linux-x86_64-debian-gcc 3.0.0 16.86 229.50 246.36 NOTE
r-devel-linux-x86_64-fedora-clang 3.0.0 433.00 NOTE
r-devel-linux-x86_64-fedora-gcc 3.0.0 414.42 NOTE
r-devel-windows-x86_64 3.0.0 26.00 367.00 393.00 NOTE
r-patched-linux-x86_64 3.0.0 19.00 300.22 319.22 OK
r-release-linux-x86_64 3.0.0 14.67 302.35 317.02 OK
r-release-macos-arm64 3.0.0 148.00 NOTE
r-release-macos-x86_64 3.0.0 206.00 NOTE
r-release-windows-x86_64 3.0.0 25.00 386.00 411.00 OK
r-oldrel-macos-arm64 3.0.0 102.00 NOTE
r-oldrel-macos-x86_64 3.0.0 160.00 NOTE
r-oldrel-windows-ix86+x86_64 3.0.0 51.00 456.00 507.00 NOTE

Check Details

Version: 3.0.0
Check: package subdirectories
Result: NOTE
    Problems with news in 'NEWS.md':
    No news entries found.
Flavors: r-devel-linux-x86_64-debian-clang, r-devel-linux-x86_64-debian-gcc, r-devel-linux-x86_64-fedora-clang, r-devel-linux-x86_64-fedora-gcc, r-devel-windows-x86_64

Version: 3.0.0
Check: dependencies in R code
Result: NOTE
    Namespaces in Imports field not imported from:
     ‘MASS’ ‘graphics’ ‘refund’ ‘stats’ ‘utils’
     All declared Imports should be used.
Flavors: r-devel-linux-x86_64-fedora-clang, r-devel-linux-x86_64-fedora-gcc, r-release-macos-arm64, r-release-macos-x86_64, r-oldrel-macos-arm64, r-oldrel-macos-x86_64

Version: 3.0.0
Check: installed package size
Result: NOTE
     installed size is 5.5Mb
     sub-directories of 1Mb or more:
     data 1.6Mb
     doc 1.8Mb
     libs 2.0Mb
Flavor: r-oldrel-windows-ix86+x86_64