Last updated on 2022-08-19 07:49:52 CEST.
Flavor | Version | Tinstall | Tcheck | Ttotal | Status | Flags |
---|---|---|---|---|---|---|
r-devel-linux-x86_64-debian-clang | 3.0.0 | 19.92 | 319.14 | 339.06 | NOTE | |
r-devel-linux-x86_64-debian-gcc | 3.0.0 | 17.31 | 232.13 | 249.44 | NOTE | |
r-devel-linux-x86_64-fedora-clang | 3.0.0 | 426.99 | NOTE | |||
r-devel-linux-x86_64-fedora-gcc | 3.0.0 | 432.78 | NOTE | |||
r-devel-windows-x86_64 | 3.0.0 | 22.00 | 371.00 | 393.00 | NOTE | |
r-patched-linux-x86_64 | 3.0.0 | 17.23 | 317.21 | 334.44 | OK | |
r-release-linux-x86_64 | 3.0.0 | OK | ||||
r-release-macos-arm64 | 3.0.0 | 148.00 | NOTE | |||
r-release-macos-x86_64 | 3.0.0 | 206.00 | NOTE | |||
r-release-windows-x86_64 | 3.0.0 | 24.00 | 373.00 | 397.00 | OK | |
r-oldrel-macos-arm64 | 3.0.0 | 102.00 | NOTE | |||
r-oldrel-macos-x86_64 | 3.0.0 | 160.00 | NOTE | |||
r-oldrel-windows-ix86+x86_64 | 3.0.0 | 49.00 | 453.00 | 502.00 | NOTE |
Version: 3.0.0
Check: package subdirectories
Result: NOTE
Problems with news in 'NEWS.md':
No news entries found.
Flavors: r-devel-linux-x86_64-debian-clang, r-devel-linux-x86_64-debian-gcc, r-devel-linux-x86_64-fedora-clang, r-devel-linux-x86_64-fedora-gcc, r-devel-windows-x86_64
Version: 3.0.0
Check: dependencies in R code
Result: NOTE
Namespaces in Imports field not imported from:
‘MASS’ ‘graphics’ ‘refund’ ‘stats’ ‘utils’
All declared Imports should be used.
Flavors: r-devel-linux-x86_64-fedora-clang, r-devel-linux-x86_64-fedora-gcc, r-release-macos-arm64, r-release-macos-x86_64, r-oldrel-macos-arm64, r-oldrel-macos-x86_64
Version: 3.0.0
Check: installed package size
Result: NOTE
installed size is 5.5Mb
sub-directories of 1Mb or more:
data 1.6Mb
doc 1.8Mb
libs 2.0Mb
Flavor: r-oldrel-windows-ix86+x86_64