CRAN Package Check Results for Package ghcm

Last updated on 2021-04-11 23:46:59 CEST.

Flavor Version Tinstall Tcheck Ttotal Status Flags
r-devel-linux-x86_64-debian-clang 1.0.0 2.98 270.88 273.86 OK
r-devel-linux-x86_64-debian-gcc 1.0.0 2.53 196.37 198.90 OK
r-devel-linux-x86_64-fedora-clang 1.0.0 321.32 NOTE
r-devel-linux-x86_64-fedora-gcc 1.0.0 313.09 NOTE
r-devel-windows-ix86+x86_64 1.0.0 8.00 313.00 321.00 OK
r-devel-windows-x86_64-gcc10-UCRT 1.0.0 NOTE
r-patched-linux-x86_64 1.0.0 3.01 254.59 257.60 OK
r-patched-solaris-x86 1.0.0 611.00 NOTE
r-release-linux-x86_64 1.0.0 3.09 260.74 263.83 OK
r-release-macos-x86_64 1.0.0 NOTE
r-release-windows-ix86+x86_64 1.0.0 9.00 330.00 339.00 OK
r-oldrel-macos-x86_64 1.0.0 ERROR

Check Details

Version: 1.0.0
Check: dependencies in R code
Result: NOTE
    Namespace in Imports field not imported from: ‘refund’
     All declared Imports should be used.
Flavors: r-devel-linux-x86_64-fedora-clang, r-devel-linux-x86_64-fedora-gcc, r-devel-windows-x86_64-gcc10-UCRT, r-patched-solaris-x86, r-release-macos-x86_64

Version: 1.0.0
Check: whether package can be installed
Result: ERROR
    Installation failed.
Flavor: r-oldrel-macos-x86_64