CRAN Package Check Results for Package ghibli

Last updated on 2021-09-17 20:49:17 CEST.

Flavor Version Tinstall Tcheck Ttotal Status Flags
r-devel-linux-x86_64-debian-clang 0.3.2 2.05 31.60 33.65 NOTE
r-devel-linux-x86_64-debian-gcc 0.3.2 1.73 24.50 26.23 NOTE
r-devel-linux-x86_64-fedora-clang 0.3.2 51.09 NOTE
r-devel-linux-x86_64-fedora-gcc 0.3.2 39.43 NOTE
r-devel-windows-x86_64 0.3.2 4.00 52.00 56.00 OK
r-devel-windows-x86_64-gcc10-UCRT 0.3.2 NOTE
r-patched-linux-x86_64 0.3.2 2.25 30.01 32.26 NOTE
r-patched-solaris-x86 0.3.2 60.60 NOTE
r-release-linux-x86_64 0.3.2 1.90 29.92 31.82 NOTE
r-release-macos-arm64 0.3.2 OK
r-release-macos-x86_64 0.3.2 OK
r-release-windows-ix86+x86_64 0.3.2 6.00 38.00 44.00 OK
r-oldrel-macos-x86_64 0.3.2 NOTE
r-oldrel-windows-ix86+x86_64 0.3.2 5.00 46.00 51.00 OK

Check Details

Version: 0.3.2
Check: package dependencies
Result: NOTE
    Package suggested but not available for checking: 'codemetar'
Flavors: r-devel-linux-x86_64-debian-clang, r-devel-linux-x86_64-debian-gcc, r-devel-linux-x86_64-fedora-clang, r-devel-linux-x86_64-fedora-gcc, r-devel-windows-x86_64-gcc10-UCRT, r-patched-linux-x86_64, r-patched-solaris-x86, r-release-linux-x86_64, r-oldrel-macos-x86_64