CRAN Package Check Results for Package ghyp

Last updated on 2019-05-19 12:46:27 CEST.

Flavor Version Tinstall Tcheck Ttotal Status Flags
r-devel-linux-x86_64-debian-clang 1.5.7 7.24 72.69 79.93 OK
r-devel-linux-x86_64-debian-gcc 1.5.7 5.85 55.57 61.42 OK
r-devel-linux-x86_64-fedora-clang 1.5.7 96.85 NOTE
r-devel-linux-x86_64-fedora-gcc 1.5.7 98.14 NOTE
r-devel-windows-ix86+x86_64 1.5.7 19.00 120.00 139.00 OK
r-patched-linux-x86_64 1.5.7 7.87 73.10 80.97 OK
r-patched-solaris-x86 1.5.7 124.70 OK
r-release-linux-x86_64 1.5.7 8.13 73.09 81.22 OK
r-release-windows-ix86+x86_64 1.5.7 20.00 158.00 178.00 OK
r-release-osx-x86_64 1.5.7 OK
r-oldrel-windows-ix86+x86_64 1.5.7 18.00 152.00 170.00 OK
r-oldrel-osx-x86_64 1.5.7 OK

Check Details

Version: 1.5.7
Check: compiled code
Result: NOTE
    File ‘ghyp/libs/ghyp.so’:
     Found no calls to: ‘R_registerRoutines’, ‘R_useDynamicSymbols’
    
    It is good practice to register native routines and to disable symbol
    search.
    
    See ‘Writing portable packages’ in the ‘Writing R Extensions’ manual.
Flavors: r-devel-linux-x86_64-fedora-clang, r-devel-linux-x86_64-fedora-gcc