CRAN Package Check Results for Package ghypernet

Last updated on 2020-09-29 19:48:23 CEST.

Flavor Version Tinstall Tcheck Ttotal Status Flags
r-devel-linux-x86_64-debian-clang 1.0.0 7.40 170.78 178.18 OK
r-devel-linux-x86_64-debian-gcc 1.0.0 5.84 121.34 127.18 OK
r-devel-linux-x86_64-fedora-clang 1.0.0 210.50 NOTE
r-devel-linux-x86_64-fedora-gcc 1.0.0 201.68 NOTE
r-devel-windows-ix86+x86_64 1.0.0 11.00 197.00 208.00 OK
r-patched-linux-x86_64 1.0.0 6.26 159.05 165.31 OK
r-patched-solaris-x86 1.0.0 298.30 NOTE
r-release-linux-x86_64 1.0.0 5.67 160.31 165.98 OK
r-release-macos-x86_64 1.0.0 NOTE
r-release-windows-ix86+x86_64 1.0.0 14.00 210.00 224.00 OK
r-oldrel-macos-x86_64 1.0.0 NOTE
r-oldrel-windows-ix86+x86_64 1.0.0 12.00 199.00 211.00 OK

Check Details

Version: 1.0.0
Check: data for non-ASCII characters
Result: NOTE
     Note: found 11 marked UTF-8 strings
Flavors: r-devel-linux-x86_64-fedora-clang, r-devel-linux-x86_64-fedora-gcc, r-patched-solaris-x86, r-release-macos-x86_64, r-oldrel-macos-x86_64