CRAN Package Check Results for Package gibasa

Last updated on 2024-02-21 10:10:00 CET.

Flavor Version Tinstall Tcheck Ttotal Status Flags
r-devel-linux-x86_64-debian-clang 1.1.0 NOTE
r-devel-linux-x86_64-debian-gcc 1.1.0 163.56 46.17 209.73 NOTE
r-devel-linux-x86_64-fedora-clang 1.1.0 330.54 NOTE
r-devel-linux-x86_64-fedora-gcc 1.1.0 326.83 NOTE
r-devel-windows-x86_64 1.1.0 182.00 95.00 277.00 NOTE
r-patched-linux-x86_64 1.0.1 154.19 59.53 213.72 NOTE
r-release-linux-x86_64 1.1.0 143.88 59.49 203.37 NOTE
r-release-macos-arm64 1.1.0 73.00 NOTE
r-release-macos-x86_64 1.1.0 107.00 NOTE
r-release-windows-x86_64 1.1.0 187.00 112.00 299.00 NOTE
r-oldrel-macos-arm64 1.1.0 73.00 NOTE
r-oldrel-windows-x86_64 1.1.0 170.00 104.00 274.00 NOTE

Check Details

Version: 1.1.0
Check: for GNU extensions in Makefiles
Result: NOTE GNU make is a SystemRequirements. Flavors: r-devel-linux-x86_64-debian-clang, r-devel-linux-x86_64-debian-gcc, r-devel-linux-x86_64-fedora-clang, r-devel-linux-x86_64-fedora-gcc, r-devel-windows-x86_64, r-release-linux-x86_64, r-release-macos-arm64, r-release-macos-x86_64, r-release-windows-x86_64, r-oldrel-macos-arm64, r-oldrel-windows-x86_64

Version: 1.1.0
Check: data for non-ASCII characters
Result: NOTE Note: found 553 marked UTF-8 strings Flavors: r-devel-linux-x86_64-fedora-clang, r-devel-linux-x86_64-fedora-gcc

Version: 1.0.1
Check: for GNU extensions in Makefiles
Result: NOTE GNU make is a SystemRequirements. Flavor: r-patched-linux-x86_64

Version: 1.1.0
Check: installed package size
Result: NOTE installed size is 7.5Mb sub-directories of 1Mb or more: libs 7.2Mb Flavors: r-release-macos-arm64, r-release-macos-x86_64, r-oldrel-macos-arm64