CRAN Package Check Results for Package gibasa

Last updated on 2024-07-22 13:50:46 CEST.

Flavor Version Tinstall Tcheck Ttotal Status Flags
r-devel-linux-x86_64-debian-clang 1.1.1 122.34 61.46 183.80 NOTE
r-devel-linux-x86_64-debian-gcc 1.1.1 82.76 46.00 128.76 NOTE
r-devel-linux-x86_64-fedora-clang 1.1.1 417.67 NOTE
r-devel-linux-x86_64-fedora-gcc 1.1.1 277.50 NOTE
r-devel-windows-x86_64 1.1.1 160.00 90.00 250.00 NOTE
r-patched-linux-x86_64 1.1.1 157.26 58.47 215.73 NOTE
r-release-linux-x86_64 1.1.1 84.01 58.94 142.95 NOTE
r-release-macos-arm64 1.1.1 84.00 NOTE
r-release-macos-x86_64 1.1.1 103.00 NOTE
r-release-windows-x86_64 1.1.1 202.00 92.00 294.00 NOTE
r-oldrel-macos-arm64 1.1.1 81.00 NOTE
r-oldrel-macos-x86_64 1.1.1 97.00 NOTE
r-oldrel-windows-x86_64 1.1.1 242.00 107.00 349.00 NOTE

Check Details

Version: 1.1.1
Check: for GNU extensions in Makefiles
Result: NOTE GNU make is a SystemRequirements. Flavors: r-devel-linux-x86_64-debian-clang, r-devel-linux-x86_64-debian-gcc, r-devel-linux-x86_64-fedora-clang, r-devel-linux-x86_64-fedora-gcc, r-devel-windows-x86_64, r-patched-linux-x86_64, r-release-linux-x86_64, r-release-macos-arm64, r-release-macos-x86_64, r-release-windows-x86_64, r-oldrel-macos-arm64, r-oldrel-macos-x86_64, r-oldrel-windows-x86_64

Version: 1.1.1
Check: data for non-ASCII characters
Result: NOTE Note: found 553 marked UTF-8 strings Flavors: r-devel-linux-x86_64-fedora-clang, r-devel-linux-x86_64-fedora-gcc

Version: 1.1.1
Check: installed package size
Result: NOTE installed size is 7.4Mb sub-directories of 1Mb or more: libs 7.0Mb Flavors: r-release-macos-arm64, r-release-macos-x86_64, r-oldrel-macos-arm64, r-oldrel-macos-x86_64