Last updated on 2025-01-19 00:49:34 CET.
Flavor | Version | Tinstall | Tcheck | Ttotal | Status | Flags |
---|---|---|---|---|---|---|
r-devel-linux-x86_64-debian-clang | 1.32.0-1 | 112.41 | 17.41 | 129.82 | OK | |
r-devel-linux-x86_64-debian-gcc | 1.32.0-1 | 92.25 | 14.79 | 107.04 | OK | |
r-devel-linux-x86_64-fedora-clang | 1.32.0-1 | 330.36 | OK | |||
r-devel-linux-x86_64-fedora-gcc | 1.32.0-1 | 337.76 | OK | |||
r-devel-windows-x86_64 | 1.32.0-1 | 122.00 | 60.00 | 182.00 | OK | |
r-patched-linux-x86_64 | 1.32.0-1 | 113.07 | 16.86 | 129.93 | OK | |
r-release-linux-x86_64 | 1.32.0-1 | 111.44 | 16.73 | 128.17 | OK | |
r-release-macos-arm64 | 1.32.0-1 | 110.00 | NOTE | |||
r-release-macos-x86_64 | 1.32.0-1 | 123.00 | NOTE | |||
r-release-windows-x86_64 | 1.32.0-1 | 120.00 | 66.00 | 186.00 | OK | |
r-oldrel-macos-arm64 | 1.32.0-1 | 96.00 | NOTE | |||
r-oldrel-macos-x86_64 | 1.32.0-1 | 139.00 | NOTE | |||
r-oldrel-windows-x86_64 | 1.32.0-1 | 127.00 | 72.00 | 199.00 | OK |
Version: 1.32.0-1
Check: installed package size
Result: NOTE
installed size is 8.4Mb
sub-directories of 1Mb or more:
libs 8.4Mb
Flavors: r-release-macos-arm64, r-release-macos-x86_64, r-oldrel-macos-arm64, r-oldrel-macos-x86_64