CRAN Package Check Results for Package gifski

Last updated on 2020-06-07 05:47:38 CEST.

Flavor Version Tinstall Tcheck Ttotal Status Flags
r-devel-linux-x86_64-debian-clang 0.8.6 192.66 19.75 212.41 OK
r-devel-linux-x86_64-debian-gcc 0.8.6 140.61 15.33 155.94 OK
r-devel-linux-x86_64-fedora-clang 0.8.6 338.33 OK
r-devel-linux-x86_64-fedora-gcc 0.8.6 312.74 OK
r-devel-windows-ix86+x86_64 0.8.6 19.00 53.00 72.00 OK
r-patched-linux-x86_64 0.8.6 197.77 19.54 217.31 OK
r-release-linux-x86_64 0.8.6 197.91 19.42 217.33 OK
r-release-osx-x86_64 0.8.6 NOTE
r-release-windows-ix86+x86_64 0.8.6 22.00 70.00 92.00 OK
r-oldrel-osx-x86_64 0.8.6 NOTE
r-oldrel-windows-ix86+x86_64 0.8.6 22.00 78.00 100.00 OK

Check Details

Version: 0.8.6
Check: installed package size
Result: NOTE
     installed size is 5.4Mb
     sub-directories of 1Mb or more:
     libs 5.3Mb
Flavors: r-release-osx-x86_64, r-oldrel-osx-x86_64