CRAN Package Check Results for Package gifti

Last updated on 2022-11-28 21:56:06 CET.

Flavor Version Tinstall Tcheck Ttotal Status Flags
r-devel-linux-x86_64-debian-clang 0.8.0 2.36 61.12 63.48 NOTE
r-devel-linux-x86_64-debian-gcc 0.8.0 2.62 47.93 50.55 NOTE
r-devel-linux-x86_64-fedora-clang 0.8.0 87.50 NOTE
r-devel-linux-x86_64-fedora-gcc 0.8.0 85.25 NOTE
r-devel-windows-x86_64 0.8.0 17.00 709.00 726.00 NOTE
r-patched-linux-x86_64 0.8.0 3.50 61.40 64.90 NOTE
r-release-linux-x86_64 0.8.0 2.90 60.18 63.08 NOTE
r-release-macos-arm64 0.8.0 39.00 NOTE
r-release-macos-x86_64 0.8.0 52.00 NOTE
r-release-windows-x86_64 0.8.0 13.00 910.00 923.00 NOTE
r-oldrel-macos-arm64 0.8.0 45.00 NOTE
r-oldrel-macos-x86_64 0.8.0 71.00 NOTE
r-oldrel-windows-ix86+x86_64 0.8.0 8.00 181.00 189.00 NOTE

Check Details

Version: 0.8.0
Check: LazyData
Result: NOTE
     'LazyData' is specified without a 'data' directory
Flavors: r-devel-linux-x86_64-debian-clang, r-devel-linux-x86_64-debian-gcc, r-devel-linux-x86_64-fedora-clang, r-devel-linux-x86_64-fedora-gcc, r-devel-windows-x86_64, r-patched-linux-x86_64, r-release-linux-x86_64, r-release-macos-arm64, r-release-macos-x86_64, r-release-windows-x86_64, r-oldrel-macos-arm64, r-oldrel-macos-x86_64, r-oldrel-windows-ix86+x86_64