CRAN Package Check Results for Package gigg

Last updated on 2021-09-27 08:49:36 CEST.

Flavor Version Tinstall Tcheck Ttotal Status Flags
r-devel-linux-x86_64-debian-clang 0.2.1 50.06 28.53 78.59 OK
r-devel-linux-x86_64-debian-gcc 0.2.1 34.86 22.82 57.68 OK
r-devel-linux-x86_64-fedora-clang 0.2.1 120.83 OK
r-devel-linux-x86_64-fedora-gcc 0.2.1 99.78 OK
r-devel-windows-x86_64 0.2.1 44.00 45.00 89.00 OK
r-devel-windows-x86_64-gcc10-UCRT 0.2.1 OK
r-patched-linux-x86_64 0.2.1 34.80 28.14 62.94 OK
r-patched-solaris-x86 0.2.1 108.50 OK
r-release-linux-x86_64 0.2.1 39.14 28.48 67.62 OK
r-release-macos-arm64 0.2.1 NOTE
r-release-macos-x86_64 0.2.1 OK
r-release-windows-ix86+x86_64 0.2.1 111.00 58.00 169.00 OK
r-oldrel-macos-x86_64 0.2.1 OK
r-oldrel-windows-ix86+x86_64 0.2.1 83.00 58.00 141.00 OK

Check Details

Version: 0.2.1
Check: installed package size
Result: NOTE
     installed size is 5.5Mb
     sub-directories of 1Mb or more:
     libs 4.9Mb
Flavor: r-release-macos-arm64