CRAN Package Check Results for Package gimme

Last updated on 2019-05-22 02:51:52 CEST.

Flavor Version Tinstall Tcheck Ttotal Status Flags
r-devel-linux-x86_64-debian-clang 0.5-1 16.91 133.48 150.39 OK
r-devel-linux-x86_64-debian-gcc 0.5-1 15.90 104.84 120.74 OK
r-devel-linux-x86_64-fedora-clang 0.5-1 178.72 OK
r-devel-linux-x86_64-fedora-gcc 0.5-1 173.96 OK
r-devel-windows-ix86+x86_64 0.5-1 40.00 161.00 201.00 OK
r-patched-linux-x86_64 0.5-1 17.15 131.71 148.86 OK
r-patched-solaris-x86 0.5-1 282.80 WARN
r-release-linux-x86_64 0.5-1 17.16 131.97 149.13 OK
r-release-windows-ix86+x86_64 0.5-1 73.00 224.00 297.00 OK
r-release-osx-x86_64 0.5-1 WARN
r-oldrel-windows-ix86+x86_64 0.5-1 25.00 138.00 163.00 OK
r-oldrel-osx-x86_64 0.5-1 WARN

Check Details

Version: 0.5-1
Check: re-building of vignette outputs
Result: WARN
    Error(s) in re-building vignettes:
     ...
    --- re-building ‘CS-GIMME.Rmd’ using rmarkdown
    Warning in engine$weave(file, quiet = quiet, encoding = enc) :
     Pandoc (>= 1.12.3) and/or pandoc-citeproc not available. Falling back to R Markdown v1.
    --- finished re-building ‘CS-GIMME.Rmd’
    
    --- re-building ‘gimme_vignette.Rmd’ using rmarkdown
    Warning in engine$weave(file, quiet = quiet, encoding = enc) :
     Pandoc (>= 1.12.3) and/or pandoc-citeproc not available. Falling back to R Markdown v1.
    --- finished re-building ‘gimme_vignette.Rmd’
    
    --- re-building ‘msgimme-vignette.Rmd’ using rmarkdown
    Warning in engine$weave(file, quiet = quiet, encoding = enc) :
     Pandoc (>= 1.12.3) and/or pandoc-citeproc not available. Falling back to R Markdown v1.
    Quitting from lines 63-64 (msgimme-vignette.Rmd)
    Error: processing vignette 'msgimme-vignette.Rmd' failed with diagnostics:
    there is no package called 'webshot'
    --- failed re-building ‘msgimme-vignette.Rmd’
    
    SUMMARY: processing the following file failed:
     ‘msgimme-vignette.Rmd’
    
    Error: Vignette re-building failed.
    Execution halted
Flavor: r-patched-solaris-x86

Version: 0.5-1
Check: re-building of vignette outputs
Result: WARN
    Error(s) in re-building vignettes:
     ...
    --- re-building ‘CS-GIMME.Rmd’ using rmarkdown
    Warning in engine$weave(file, quiet = quiet, encoding = enc) :
     Pandoc (>= 1.12.3) and/or pandoc-citeproc not available. Falling back to R Markdown v1.
    --- finished re-building ‘CS-GIMME.Rmd’
    
    --- re-building ‘gimme_vignette.Rmd’ using rmarkdown
    Warning in engine$weave(file, quiet = quiet, encoding = enc) :
     Pandoc (>= 1.12.3) and/or pandoc-citeproc not available. Falling back to R Markdown v1.
    --- finished re-building ‘gimme_vignette.Rmd’
    
    --- re-building ‘msgimme-vignette.Rmd’ using rmarkdown
    Warning in engine$weave(file, quiet = quiet, encoding = enc) :
     Pandoc (>= 1.12.3) and/or pandoc-citeproc not available. Falling back to R Markdown v1.
    Quitting from lines 63-64 (msgimme-vignette.Rmd)
    Error: processing vignette 'msgimme-vignette.Rmd' failed with diagnostics:
    cannot open the connection
    --- failed re-building ‘msgimme-vignette.Rmd’
    
    SUMMARY: processing the following file failed:
     ‘msgimme-vignette.Rmd’
    
    Error: Vignette re-building failed.
    Execution halted
Flavor: r-release-osx-x86_64

Version: 0.5-1
Check: re-building of vignette outputs
Result: WARN
    Error in re-building vignettes:
     ...
    Warning in engine$weave(file, quiet = quiet, encoding = enc) :
     Pandoc (>= 1.12.3) and/or pandoc-citeproc not available. Falling back to R Markdown v1.
    Warning in engine$weave(file, quiet = quiet, encoding = enc) :
     Pandoc (>= 1.12.3) and/or pandoc-citeproc not available. Falling back to R Markdown v1.
    Warning in engine$weave(file, quiet = quiet, encoding = enc) :
     Pandoc (>= 1.12.3) and/or pandoc-citeproc not available. Falling back to R Markdown v1.
    Quitting from lines 63-64 (msgimme-vignette.Rmd)
    Error: processing vignette 'msgimme-vignette.Rmd' failed with diagnostics:
    cannot open the connection
    Execution halted
Flavor: r-oldrel-osx-x86_64