Last updated on 2021-04-14 18:51:01 CEST.
Flavor | Version | Tinstall | Tcheck | Ttotal | Status | Flags |
---|---|---|---|---|---|---|
r-devel-linux-x86_64-debian-clang | 0.2.0 | 5.61 | 51.28 | 56.89 | NOTE | |
r-devel-linux-x86_64-debian-gcc | 0.2.0 | 4.60 | 38.81 | 43.41 | NOTE | |
r-devel-linux-x86_64-fedora-clang | 0.2.0 | 76.43 | NOTE | |||
r-devel-linux-x86_64-fedora-gcc | 0.2.0 | 64.38 | NOTE | |||
r-devel-windows-ix86+x86_64 | 0.2.0 | 15.00 | 76.00 | 91.00 | NOTE | |
r-devel-windows-x86_64-gcc10-UCRT | 0.2.0 | NOTE | ||||
r-patched-linux-x86_64 | 0.2.0 | 5.07 | 47.75 | 52.82 | OK | |
r-patched-solaris-x86 | 0.2.0 | 102.80 | OK | |||
r-release-linux-x86_64 | 0.2.0 | 4.53 | 47.59 | 52.12 | OK | |
r-release-macos-x86_64 | 0.2.0 | OK | ||||
r-release-windows-ix86+x86_64 | 0.2.0 | 25.00 | 74.00 | 99.00 | OK | |
r-oldrel-macos-x86_64 | 0.2.0 | OK | ||||
r-oldrel-windows-ix86+x86_64 | 0.2.0 | 9.00 | 54.00 | 63.00 | OK |
Version: 0.2.0
Check: LazyData
Result: NOTE
'LazyData' is specified without a 'data' directory
Flavors: r-devel-linux-x86_64-debian-clang, r-devel-linux-x86_64-debian-gcc, r-devel-linux-x86_64-fedora-clang, r-devel-linux-x86_64-fedora-gcc, r-devel-windows-ix86+x86_64, r-devel-windows-x86_64-gcc10-UCRT