CRAN Package Check Results for Package giscoR

Last updated on 2021-09-19 00:52:20 CEST.

Flavor Version Tinstall Tcheck Ttotal Status Flags
r-devel-linux-x86_64-debian-clang 0.2.4 4.41 56.31 60.72 OK
r-devel-linux-x86_64-debian-gcc 0.2.4 3.85 42.86 46.71 OK
r-devel-linux-x86_64-fedora-clang 0.2.4 80.62 NOTE
r-devel-linux-x86_64-fedora-gcc 0.2.4 72.73 NOTE
r-devel-windows-x86_64 0.2.4 8.00 80.00 88.00 OK
r-devel-windows-x86_64-gcc10-UCRT 0.2.4 NOTE
r-patched-linux-x86_64 0.2.4 4.62 51.13 55.75 OK
r-patched-solaris-x86 0.2.4 103.90 NOTE
r-release-linux-x86_64 0.2.4 4.46 51.50 55.96 OK
r-release-macos-arm64 0.2.4 NOTE
r-release-macos-x86_64 0.2.4 NOTE
r-release-windows-ix86+x86_64 0.2.4 9.00 57.00 66.00 OK
r-oldrel-macos-x86_64 0.2.4 NOTE
r-oldrel-windows-ix86+x86_64 0.2.4 9.00 72.00 81.00 OK

Check Details

Version: 0.2.4
Check: dependencies in R code
Result: NOTE
    Namespace in Imports field not imported from: ‘lwgeom’
     All declared Imports should be used.
Flavors: r-devel-linux-x86_64-fedora-clang, r-devel-linux-x86_64-fedora-gcc, r-devel-windows-x86_64-gcc10-UCRT, r-patched-solaris-x86, r-release-macos-arm64, r-release-macos-x86_64, r-oldrel-macos-x86_64

Version: 0.2.4
Check: data for non-ASCII characters
Result: NOTE
     Note: found 1178 marked UTF-8 strings
Flavors: r-devel-linux-x86_64-fedora-clang, r-devel-linux-x86_64-fedora-gcc, r-devel-windows-x86_64-gcc10-UCRT, r-patched-solaris-x86, r-release-macos-arm64, r-release-macos-x86_64, r-oldrel-macos-x86_64