CRAN Package Check Results for Package giscoR

Last updated on 2024-02-24 23:53:56 CET.

Flavor Version Tinstall Tcheck Ttotal Status Flags
r-devel-linux-x86_64-debian-clang 0.4.0 4.34 51.54 55.88 OK
r-devel-linux-x86_64-debian-gcc 0.4.0 3.39 38.89 42.28 OK
r-devel-linux-x86_64-fedora-clang 0.4.0 71.91 NOTE
r-devel-linux-x86_64-fedora-gcc 0.4.0 81.30 NOTE
r-devel-windows-x86_64 0.4.0 5.00 70.00 75.00 OK
r-patched-linux-x86_64 0.4.0 5.81 52.08 57.89 OK
r-release-linux-x86_64 0.4.0 3.49 50.58 54.07 OK
r-release-macos-arm64 0.4.0 58.00 OK
r-release-macos-x86_64 0.4.0 78.00 OK
r-release-windows-x86_64 0.4.0 6.00 74.00 80.00 OK
r-oldrel-macos-arm64 0.4.0 50.00 OK
r-oldrel-windows-x86_64 0.4.0 7.00 72.00 79.00 OK

Check Details

Version: 0.4.0
Check: data for non-ASCII characters
Result: NOTE Note: found 1178 marked UTF-8 strings Flavors: r-devel-linux-x86_64-fedora-clang, r-devel-linux-x86_64-fedora-gcc