CRAN Package Check Results for Package git2r

Last updated on 2019-05-22 06:47:35 CEST.

Flavor Version Tinstall Tcheck Ttotal Status Flags
r-devel-linux-x86_64-debian-clang 0.25.2 15.03 54.13 69.16 OK
r-devel-linux-x86_64-debian-gcc 0.25.2 9.84 44.05 53.89 OK
r-devel-linux-x86_64-fedora-clang 0.25.2 169.17 OK
r-devel-linux-x86_64-fedora-gcc 0.25.2 155.49 OK
r-devel-windows-ix86+x86_64 0.25.2 72.00 241.00 313.00 NOTE
r-patched-linux-x86_64 0.25.2 12.26 54.75 67.01 OK
r-patched-solaris-x86 0.25.2 356.00 OK
r-release-linux-x86_64 0.25.2 12.16 54.62 66.78 OK
r-release-windows-ix86+x86_64 0.25.2 187.00 182.00 369.00 NOTE
r-release-osx-x86_64 0.25.2 OK
r-oldrel-windows-ix86+x86_64 0.25.2 66.00 165.00 231.00 NOTE
r-oldrel-osx-x86_64 0.25.2 OK

Check Details

Version: 0.25.2
Check: installed package size
Result: NOTE
     installed size is 6.3Mb
     sub-directories of 1Mb or more:
     libs 5.8Mb
Flavors: r-devel-windows-ix86+x86_64, r-release-windows-ix86+x86_64, r-oldrel-windows-ix86+x86_64