CRAN Package Check Results for Package git2r

Last updated on 2019-07-17 18:48:02 CEST.

Flavor Version Tinstall Tcheck Ttotal Status Flags
r-devel-linux-x86_64-debian-clang 0.26.1 14.63 54.57 69.20 OK
r-devel-linux-x86_64-debian-gcc 0.26.1 9.61 44.68 54.29 OK
r-devel-linux-x86_64-fedora-clang 0.26.1 86.29 OK
r-devel-linux-x86_64-fedora-gcc 0.26.1 88.62 OK
r-devel-windows-ix86+x86_64 0.26.1 100.00 206.00 306.00 NOTE
r-patched-linux-x86_64 0.26.1 12.16 55.62 67.78 OK
r-patched-solaris-x86 0.26.1 402.20 OK
r-release-linux-x86_64 0.26.1 12.22 55.42 67.64 OK
r-release-windows-ix86+x86_64 0.26.1 72.00 318.00 390.00 NOTE
r-release-osx-x86_64 0.26.1 OK
r-oldrel-windows-ix86+x86_64 0.26.1 69.00 292.00 361.00 NOTE
r-oldrel-osx-x86_64 0.26.1 OK

Check Details

Version: 0.26.1
Check: installed package size
Result: NOTE
     installed size is 6.3Mb
     sub-directories of 1Mb or more:
     libs 5.8Mb
Flavors: r-devel-windows-ix86+x86_64, r-release-windows-ix86+x86_64, r-oldrel-windows-ix86+x86_64