CRAN Package Check Results for Package git2r

Last updated on 2019-10-18 18:47:52 CEST.

Flavor Version Tinstall Tcheck Ttotal Status Flags
r-devel-linux-x86_64-debian-clang 0.26.1 16.79 52.82 69.61 OK
r-devel-linux-x86_64-debian-gcc 0.26.1 10.09 42.43 52.52 OK
r-devel-linux-x86_64-fedora-clang 0.26.1 88.81 OK
r-devel-linux-x86_64-fedora-gcc 0.26.1 84.60 OK
r-devel-windows-ix86+x86_64 0.26.1 104.00 204.00 308.00 NOTE
r-patched-linux-x86_64 0.26.1 12.33 52.60 64.93 OK
r-patched-solaris-x86 0.26.1 287.00 OK
r-release-linux-x86_64 0.26.1 12.30 53.01 65.31 OK
r-release-windows-ix86+x86_64 0.26.1 68.00 310.00 378.00 NOTE
r-release-osx-x86_64 0.26.1 OK
r-oldrel-windows-ix86+x86_64 0.26.1 69.00 211.00 280.00 NOTE
r-oldrel-osx-x86_64 0.26.1 OK

Check Details

Version: 0.26.1
Check: installed package size
Result: NOTE
     installed size is 6.3Mb
     sub-directories of 1Mb or more:
     libs 5.8Mb
Flavors: r-devel-windows-ix86+x86_64, r-release-windows-ix86+x86_64, r-oldrel-windows-ix86+x86_64