Last updated on 2025-01-25 12:49:23 CET.
Flavor | Version | Tinstall | Tcheck | Ttotal | Status | Flags |
---|---|---|---|---|---|---|
r-devel-linux-x86_64-debian-clang | 0.4.1 | 3.63 | 67.55 | 71.18 | NOTE | |
r-devel-linux-x86_64-debian-gcc | 0.4.1 | 2.71 | 52.13 | 54.84 | NOTE | |
r-devel-linux-x86_64-fedora-clang | 0.4.1 | 115.28 | OK | |||
r-devel-linux-x86_64-fedora-gcc | 0.5.0 | 133.16 | OK | |||
r-devel-windows-x86_64 | 0.4.1 | 7.00 | 109.00 | 116.00 | OK | |
r-patched-linux-x86_64 | 0.4.1 | 4.44 | 64.37 | 68.81 | OK | |
r-release-linux-x86_64 | 0.4.1 | 3.67 | 63.22 | 66.89 | OK | |
r-release-macos-arm64 | 0.4.1 | 76.00 | OK | |||
r-release-macos-x86_64 | 0.5.0 | 129.00 | OK | |||
r-release-windows-x86_64 | 0.4.1 | 12.00 | 101.00 | 113.00 | OK | |
r-oldrel-macos-arm64 | 0.4.1 | 58.00 | OK | |||
r-oldrel-macos-x86_64 | 0.4.1 | 93.00 | OK | |||
r-oldrel-windows-x86_64 | 0.5.0 | 8.00 | 112.00 | 120.00 | OK |
Version: 0.4.1
Check: DESCRIPTION meta-information
Result: NOTE
Missing dependency on R >= 4.1.0 because package code uses the pipe
|> or function shorthand \(...) syntax added in R 4.1.0.
File(s) using such syntax:
‘display_metadata.R’ ‘print.R’ ‘update_metadata.R’
Flavors: r-devel-linux-x86_64-debian-clang, r-devel-linux-x86_64-debian-gcc