CRAN Package Check Results for Package gitear

Last updated on 2024-05-19 18:54:11 CEST.

Flavor Version Tinstall Tcheck Ttotal Status Flags
r-devel-linux-x86_64-debian-clang 1.0.0 5.86 58.83 64.69 NOTE
r-devel-linux-x86_64-debian-gcc 1.0.0 4.34 44.32 48.66 NOTE
r-devel-linux-x86_64-fedora-clang 1.0.0 84.46 NOTE
r-devel-linux-x86_64-fedora-gcc 1.0.0 113.33 NOTE
r-devel-windows-x86_64 1.0.0 7.00 69.00 76.00 NOTE
r-patched-linux-x86_64 1.0.0 4.09 56.73 60.82 NOTE
r-release-linux-x86_64 1.0.0 3.94 56.77 60.71 NOTE
r-release-macos-arm64 1.0.0 32.00 NOTE
r-release-windows-x86_64 1.0.0 7.00 69.00 76.00 NOTE
r-oldrel-macos-arm64 1.0.0 36.00 NOTE
r-oldrel-macos-x86_64 1.0.0 58.00 NOTE
r-oldrel-windows-x86_64 1.0.0 8.00 78.00 86.00 NOTE

Check Details

Version: 1.0.0
Check: LazyData
Result: NOTE 'LazyData' is specified without a 'data' directory Flavors: r-devel-linux-x86_64-debian-clang, r-devel-linux-x86_64-debian-gcc, r-devel-linux-x86_64-fedora-clang, r-devel-linux-x86_64-fedora-gcc, r-devel-windows-x86_64, r-patched-linux-x86_64, r-release-linux-x86_64, r-release-macos-arm64, r-release-windows-x86_64, r-oldrel-macos-arm64, r-oldrel-macos-x86_64, r-oldrel-windows-x86_64

Version: 1.0.0
Check: dependencies in R code
Result: NOTE Namespaces in Imports field not imported from: ‘Rcpp’ ‘mockery’ All declared Imports should be used. Flavors: r-devel-linux-x86_64-fedora-clang, r-devel-linux-x86_64-fedora-gcc