CRAN Package Check Results for Package gkmSVM

Last updated on 2022-01-20 14:55:31 CET.

Flavor Version Tinstall Tcheck Ttotal Status Flags
r-devel-linux-x86_64-debian-clang 0.81.0 OK
r-devel-linux-x86_64-debian-gcc 0.81.0 38.84 41.33 80.17 OK
r-devel-linux-x86_64-fedora-clang 0.81.0 177.54 OK
r-devel-linux-x86_64-fedora-gcc 0.81.0 129.08 OK
r-devel-windows-x86_64-new-UL 0.81.0 92.00 95.00 187.00 OK
r-devel-windows-x86_64-new-TK 0.81.0 OK
r-patched-linux-x86_64 0.81.0 44.76 52.62 97.38 OK
r-release-linux-x86_64 0.81.0 46.19 52.52 98.71 OK
r-release-macos-arm64 0.81.0 NOTE
r-release-macos-x86_64 0.81.0 NOTE
r-release-windows-ix86+x86_64 0.81.0 149.00 90.00 239.00 OK
r-oldrel-macos-x86_64 0.81.0 NOTE
r-oldrel-windows-ix86+x86_64 0.81.0 146.00 93.00 239.00 OK

Check Details

Version: 0.81.0
Check: package dependencies
Result: NOTE
    Packages suggested but not available for checking:
     'rtracklayer', 'GenomicRanges', 'BSgenome',
     'BSgenome.Hsapiens.UCSC.hg18.masked',
     'BSgenome.Hsapiens.UCSC.hg19.masked'
Flavor: r-release-macos-arm64

Version: 0.81.0
Check: package dependencies
Result: NOTE
    Packages suggested but not available for checking:
     'BSgenome.Hsapiens.UCSC.hg18.masked',
     'BSgenome.Hsapiens.UCSC.hg19.masked'
Flavors: r-release-macos-x86_64, r-oldrel-macos-x86_64