CRAN Package Check Results for Package glamlasso

Last updated on 2020-11-30 18:51:17 CET.

Flavor Version Tinstall Tcheck Ttotal Status Flags
r-devel-linux-x86_64-debian-clang 3.0 162.90 34.21 197.11 OK
r-devel-linux-x86_64-debian-gcc 3.0 169.86 125.55 295.41 OK
r-devel-linux-x86_64-fedora-clang 3.0 225.42 NOTE
r-devel-linux-x86_64-fedora-gcc 3.0 175.60 OK
r-devel-windows-ix86+x86_64 3.0 194.00 81.00 275.00 OK
r-patched-linux-x86_64 3.0 217.28 33.94 251.22 OK
r-patched-solaris-x86 3.0 184.00 OK
r-release-linux-x86_64 3.0 218.39 32.21 250.60 OK
r-release-macos-x86_64 3.0 NOTE
r-release-windows-ix86+x86_64 3.0 197.00 69.00 266.00 OK
r-oldrel-macos-x86_64 3.0 NOTE
r-oldrel-windows-ix86+x86_64 3.0 140.00 75.00 215.00 OK

Additional issues

valgrind

Check Details

Version: 3.0
Check: installed package size
Result: NOTE
     installed size is 10.2Mb
     sub-directories of 1Mb or more:
     libs 10.0Mb
Flavors: r-devel-linux-x86_64-fedora-clang, r-release-macos-x86_64, r-oldrel-macos-x86_64