Last updated on 2023-06-05 09:54:02 CEST.
Flavor | Version | Tinstall | Tcheck | Ttotal | Status | Flags |
---|---|---|---|---|---|---|
r-devel-linux-x86_64-debian-clang | 1.0.1 | 6.15 | 80.10 | 86.25 | NOTE | |
r-devel-linux-x86_64-debian-gcc | 1.0.1 | 5.50 | 60.33 | 65.83 | NOTE | |
r-devel-linux-x86_64-fedora-clang | 1.0.1 | 108.90 | NOTE | |||
r-devel-linux-x86_64-fedora-gcc | 1.0.1 | 115.69 | NOTE | |||
r-devel-windows-x86_64 | 1.0.1 | 7.00 | 77.00 | 84.00 | NOTE | |
r-patched-linux-x86_64 | 1.0.1 | 6.24 | 78.60 | 84.84 | NOTE | |
r-release-linux-x86_64 | 1.0.1 | 5.78 | 75.95 | 81.73 | NOTE | |
r-release-macos-arm64 | 1.0.1 | 38.00 | NOTE | |||
r-release-macos-x86_64 | 1.0.1 | 63.00 | NOTE | |||
r-release-windows-x86_64 | 1.0.1 | 9.00 | 88.00 | 97.00 | NOTE | |
r-oldrel-macos-arm64 | 1.0.1 | 37.00 | NOTE | |||
r-oldrel-macos-x86_64 | 1.0.1 | 74.00 | NOTE | |||
r-oldrel-windows-x86_64 | 1.0.1 | 10.00 | 96.00 | 106.00 | NOTE |
Version: 1.0.1
Check: LazyData
Result: NOTE
'LazyData' is specified without a 'data' directory
Flavors: r-devel-linux-x86_64-debian-clang, r-devel-linux-x86_64-debian-gcc, r-devel-linux-x86_64-fedora-clang, r-devel-linux-x86_64-fedora-gcc, r-devel-windows-x86_64, r-patched-linux-x86_64, r-release-linux-x86_64, r-release-macos-arm64, r-release-macos-x86_64, r-release-windows-x86_64, r-oldrel-macos-arm64, r-oldrel-macos-x86_64, r-oldrel-windows-x86_64