CRAN Package Check Results for Package glarma

Last updated on 2024-04-21 18:52:18 CEST.

Flavor Version Tinstall Tcheck Ttotal Status Flags
r-devel-linux-x86_64-debian-clang 1.6-0 4.72 117.29 122.01 NOTE
r-devel-linux-x86_64-debian-gcc 1.6-0 3.89 81.48 85.37 NOTE
r-devel-linux-x86_64-fedora-clang 1.6-0 151.85 NOTE
r-devel-linux-x86_64-fedora-gcc 1.6-0 156.77 NOTE
r-prerel-macos-arm64 1.6-0 45.00 NOTE
r-prerel-windows-x86_64 1.6-0 7.00 123.00 130.00 NOTE
r-patched-linux-x86_64 1.6-0 5.64 107.76 113.40 NOTE
r-release-linux-x86_64 1.6-0 4.80 107.78 112.58 NOTE
r-release-macos-arm64 1.6-0 51.00 NOTE
r-release-macos-x86_64 1.6-0 79.00 NOTE
r-release-windows-x86_64 1.6-0 7.00 129.00 136.00 NOTE
r-oldrel-macos-arm64 1.6-0 40.00 OK
r-oldrel-windows-x86_64 1.6-0 8.00 132.00 140.00 OK

Check Details

Version: 1.6-0
Check: Rd files
Result: NOTE checkRd: (-1) randPIT.Rd:52: Escaped LaTeX specials: \& Flavors: r-devel-linux-x86_64-debian-clang, r-devel-linux-x86_64-debian-gcc, r-devel-linux-x86_64-fedora-clang, r-devel-linux-x86_64-fedora-gcc, r-prerel-macos-arm64, r-prerel-windows-x86_64, r-patched-linux-x86_64, r-release-linux-x86_64, r-release-macos-arm64, r-release-macos-x86_64, r-release-windows-x86_64