CRAN Package Check Results for Package glasso

Last updated on 2017-12-15 12:47:50 CET.

Flavor Version Tinstall Tcheck Ttotal Status Flags
r-devel-linux-x86_64-debian-clang 1.8 1.80 15.05 16.85 NOTE
r-devel-linux-x86_64-debian-gcc 1.8 1.75 12.97 14.72 NOTE
r-devel-linux-x86_64-fedora-clang 1.8 21.09 NOTE
r-devel-linux-x86_64-fedora-gcc 1.8 20.30 NOTE
r-devel-windows-ix86+x86_64 1.8 13.00 31.00 44.00 NOTE
r-patched-linux-x86_64 1.8 2.00 13.81 15.81 NOTE
r-patched-solaris-x86 1.8 30.60 NOTE
r-release-linux-x86_64 1.8 1.90 13.71 15.61 NOTE
r-release-windows-ix86+x86_64 1.8 6.00 30.00 36.00 NOTE
r-release-osx-x86_64 1.8 NOTE
r-oldrel-windows-ix86+x86_64 1.8 8.00 25.00 33.00 NOTE
r-oldrel-osx-x86_64 1.8 NOTE

Check Details

Version: 1.8
Check: DESCRIPTION meta-information
Result: NOTE
    Malformed Description field: should contain one or more complete sentences.
Flavors: r-devel-linux-x86_64-debian-clang, r-devel-linux-x86_64-debian-gcc, r-devel-linux-x86_64-fedora-clang, r-devel-linux-x86_64-fedora-gcc, r-devel-windows-ix86+x86_64, r-patched-linux-x86_64, r-patched-solaris-x86, r-release-linux-x86_64, r-release-windows-ix86+x86_64, r-release-osx-x86_64, r-oldrel-windows-ix86+x86_64, r-oldrel-osx-x86_64

Version: 1.8
Check: compiled code
Result: NOTE
    File ‘glasso/libs/glasso.so’:
     Found no calls to: ‘R_registerRoutines’, ‘R_useDynamicSymbols’
    
    It is good practice to register native routines and to disable symbol
    search.
    
    See ‘Writing portable packages’ in the ‘Writing R Extensions’ manual.
Flavors: r-devel-linux-x86_64-debian-clang, r-devel-linux-x86_64-debian-gcc, r-devel-linux-x86_64-fedora-clang, r-devel-linux-x86_64-fedora-gcc, r-patched-linux-x86_64, r-release-linux-x86_64