CRAN Package Check Results for Package gldrm

Last updated on 2023-03-30 03:52:34 CEST.

Flavor Version Tinstall Tcheck Ttotal Status Flags
r-devel-linux-x86_64-debian-clang 1.5 3.75 39.84 43.59 NOTE
r-devel-linux-x86_64-debian-gcc 1.5 2.58 30.42 33.00 NOTE
r-devel-linux-x86_64-fedora-clang 1.5 54.66 NOTE
r-devel-linux-x86_64-fedora-gcc 1.5 51.52 NOTE
r-devel-windows-x86_64 1.5 16.00 0.00 16.00 NOTE
r-patched-linux-x86_64 1.5 3.53 38.70 42.23 NOTE
r-release-linux-x86_64 1.5 3.06 36.60 39.66 NOTE
r-release-macos-arm64 1.5 19.00 NOTE
r-release-macos-x86_64 1.5 27.00 NOTE
r-release-windows-x86_64 1.5 19.00 68.00 87.00 NOTE
r-oldrel-macos-arm64 1.5 26.00 NOTE
r-oldrel-macos-x86_64 1.5 37.00 NOTE
r-oldrel-windows-ix86+x86_64 1.5 8.00 92.00 100.00 NOTE

Check Details

Version: 1.5
Check: LazyData
Result: NOTE
     'LazyData' is specified without a 'data' directory
Flavors: r-devel-linux-x86_64-debian-clang, r-devel-linux-x86_64-debian-gcc, r-devel-linux-x86_64-fedora-clang, r-devel-linux-x86_64-fedora-gcc, r-devel-windows-x86_64, r-patched-linux-x86_64, r-release-linux-x86_64, r-release-macos-arm64, r-release-macos-x86_64, r-release-windows-x86_64, r-oldrel-macos-arm64, r-oldrel-macos-x86_64, r-oldrel-windows-ix86+x86_64