CRAN Package Check Results for Package gllvm

Last updated on 2019-06-19 18:52:37 CEST.

Flavor Version Tinstall Tcheck Ttotal Status Flags
r-devel-linux-x86_64-debian-clang 1.1.3 105.80 116.84 222.64 OK
r-devel-linux-x86_64-debian-gcc 1.1.3 89.12 93.86 182.98 OK
r-devel-linux-x86_64-fedora-clang 1.1.3 310.40 NOTE
r-devel-linux-x86_64-fedora-gcc 1.1.3 276.25 OK
r-devel-windows-ix86+x86_64 1.1.3 190.00 254.00 444.00 NOTE
r-patched-linux-x86_64 1.1.3 97.50 120.92 218.42 OK
r-patched-solaris-x86 1.1.3 314.80 OK
r-release-linux-x86_64 1.1.3 94.77 122.83 217.60 OK
r-release-windows-ix86+x86_64 1.1.3 194.00 235.00 429.00 NOTE
r-release-osx-x86_64 1.1.3 NOTE
r-oldrel-windows-ix86+x86_64 1.1.3 132.00 245.00 377.00 NOTE
r-oldrel-osx-x86_64 1.1.3 NOTE

Check Details

Version: 1.1.3
Check: installed package size
Result: NOTE
     installed size is 26.4Mb
     sub-directories of 1Mb or more:
     libs 26.0Mb
Flavors: r-devel-linux-x86_64-fedora-clang, r-devel-windows-ix86+x86_64, r-release-windows-ix86+x86_64, r-release-osx-x86_64, r-oldrel-windows-ix86+x86_64, r-oldrel-osx-x86_64