CRAN Package Check Results for Package gllvm

Last updated on 2019-03-21 22:51:01 CET.

Flavor Version Tinstall Tcheck Ttotal Status Flags
r-devel-linux-x86_64-debian-clang 1.1.2 100.08 108.31 208.39 WARN
r-devel-linux-x86_64-debian-gcc 1.1.2 82.95 85.86 168.81 OK
r-devel-linux-x86_64-fedora-clang 1.1.2 290.71 NOTE
r-devel-linux-x86_64-fedora-gcc 1.1.2 262.98 OK
r-devel-windows-ix86+x86_64 1.1.2 195.00 216.00 411.00 NOTE
r-patched-linux-x86_64 1.1.2 93.93 104.75 198.68 OK
r-patched-solaris-x86 1.1.2 284.50 OK
r-release-linux-x86_64 1.1.2 91.12 106.20 197.32 OK
r-release-windows-ix86+x86_64 1.1.2 151.00 207.00 358.00 NOTE
r-release-osx-x86_64 1.1.2 NOTE
r-oldrel-windows-ix86+x86_64 1.1.2 183.00 226.00 409.00 NOTE
r-oldrel-osx-x86_64 1.1.2 NOTE

Additional issues

valgrind

Check Details

Version: 1.1.2
Check: whether package can be installed
Result: WARN
    Found the following significant warnings:
     Warning: unable to re-encode 'gllvm.R' line 8
Flavor: r-devel-linux-x86_64-debian-clang

Version: 1.1.2
Check: installed package size
Result: NOTE
     installed size is 29.0Mb
     sub-directories of 1Mb or more:
     libs 28.6Mb
Flavors: r-devel-linux-x86_64-fedora-clang, r-devel-windows-ix86+x86_64, r-release-windows-ix86+x86_64, r-release-osx-x86_64, r-oldrel-windows-ix86+x86_64, r-oldrel-osx-x86_64