CRAN Package Check Results for Package gllvm

Last updated on 2019-01-19 22:51:38 CET.

Flavor Version Tinstall Tcheck Ttotal Status Flags
r-devel-linux-x86_64-debian-clang 1.1.2 111.11 108.21 219.32 OK
r-devel-linux-x86_64-debian-gcc 1.1.2 84.87 84.22 169.09 OK
r-devel-linux-x86_64-fedora-clang 1.1.2 292.37 NOTE
r-devel-linux-x86_64-fedora-gcc 1.1.2 252.23 OK
r-devel-windows-ix86+x86_64 1.1.2 184.00 217.00 401.00 NOTE
r-patched-linux-x86_64 1.1.2 99.29 104.62 203.91 OK
r-patched-solaris-x86 1.1.2 292.90 OK
r-release-linux-x86_64 1.1.2 104.18 106.46 210.64 OK
r-release-windows-ix86+x86_64 1.1.2 188.00 223.00 411.00 NOTE
r-release-osx-x86_64 1.1.2 NOTE
r-oldrel-windows-ix86+x86_64 1.1.2 174.00 173.00 347.00 NOTE
r-oldrel-osx-x86_64 1.1.0 NOTE

Additional issues

valgrind

Check Details

Version: 1.1.2
Check: installed package size
Result: NOTE
     installed size is 29.0Mb
     sub-directories of 1Mb or more:
     libs 28.6Mb
Flavors: r-devel-linux-x86_64-fedora-clang, r-devel-windows-ix86+x86_64, r-release-windows-ix86+x86_64, r-release-osx-x86_64, r-oldrel-windows-ix86+x86_64

Version: 1.1.0
Check: installed package size
Result: NOTE
     installed size is 39.5Mb
     sub-directories of 1Mb or more:
     libs 39.4Mb
Flavor: r-oldrel-osx-x86_64