CRAN Package Check Results for Package glm.deploy

Last updated on 2021-10-15 21:51:27 CEST.

Flavor Version Tinstall Tcheck Ttotal Status Flags
r-devel-linux-x86_64-debian-clang 1.0.4 19.55 28.60 48.15 NOTE
r-devel-linux-x86_64-debian-gcc 1.0.4 13.37 22.72 36.09 NOTE
r-devel-linux-x86_64-fedora-clang 1.0.4 78.29 NOTE
r-devel-linux-x86_64-fedora-gcc 1.0.4 62.63 NOTE
r-devel-windows-x86_64 1.0.4 23.00 44.00 67.00 NOTE
r-devel-windows-x86_64-gcc10-UCRT 1.0.4 NOTE
r-patched-linux-x86_64 1.0.4 18.04 27.95 45.99 NOTE
r-patched-solaris-x86 1.0.4 81.40 NOTE
r-release-linux-x86_64 1.0.4 17.62 28.08 45.70 NOTE
r-release-macos-arm64 1.0.4 NOTE
r-release-macos-x86_64 1.0.4 NOTE
r-release-windows-ix86+x86_64 1.0.4 53.00 75.00 128.00 NOTE
r-oldrel-macos-x86_64 1.0.4 OK
r-oldrel-windows-ix86+x86_64 1.0.4 54.00 76.00 130.00 OK

Check Details

Version: 1.0.4
Check: LazyData
Result: NOTE
     'LazyData' is specified without a 'data' directory
Flavors: r-devel-linux-x86_64-debian-clang, r-devel-linux-x86_64-debian-gcc, r-devel-linux-x86_64-fedora-clang, r-devel-linux-x86_64-fedora-gcc, r-devel-windows-x86_64, r-devel-windows-x86_64-gcc10-UCRT, r-patched-linux-x86_64, r-patched-solaris-x86, r-release-linux-x86_64, r-release-macos-arm64, r-release-macos-x86_64, r-release-windows-ix86+x86_64