CRAN Package Check Results for Package glmc

Last updated on 2022-09-28 14:48:59 CEST.

Flavor Version Tinstall Tcheck Ttotal Status Flags
r-devel-linux-x86_64-debian-clang 0.3-1 8.72 84.13 92.85 NOTE
r-devel-linux-x86_64-debian-gcc 0.3-1 7.52 64.72 72.24 NOTE
r-devel-linux-x86_64-fedora-clang 0.3-1 127.71 NOTE
r-devel-linux-x86_64-fedora-gcc 0.3-1 135.48 NOTE
r-devel-windows-x86_64 0.3-1 12.00 112.00 124.00 NOTE
r-patched-linux-x86_64 0.3-1 7.60 79.93 87.53 OK
r-release-linux-x86_64 0.3-1 8.83 80.38 89.21 OK
r-release-macos-arm64 0.3-1 52.00 OK
r-release-macos-x86_64 0.3-1 50.00 OK
r-release-windows-x86_64 0.3-1 14.00 114.00 128.00 OK
r-oldrel-macos-arm64 0.3-1 42.00 OK
r-oldrel-macos-x86_64 0.3-1 60.00 OK
r-oldrel-windows-ix86+x86_64 0.3-1 20.00 104.00 124.00 OK

Check Details

Version: 0.3-1
Check: Rd files
Result: NOTE
    checkRd: (-1) glmc.Rd:232: Escaped LaTeX specials: \&
    checkRd: (-1) glmc.Rd:241: Escaped LaTeX specials: \&
    checkRd: (-1) glmc.control.Rd:29: Escaped LaTeX specials: \$
    checkRd: (-1) glmc.control.Rd:31: Escaped LaTeX specials: \$
    checkRd: (-1) glmc.summaries.Rd:79: Escaped LaTeX specials: \&
Flavors: r-devel-linux-x86_64-debian-clang, r-devel-linux-x86_64-debian-gcc, r-devel-linux-x86_64-fedora-clang, r-devel-linux-x86_64-fedora-gcc, r-devel-windows-x86_64