CRAN Package Check Results for Package glmc

Last updated on 2023-06-03 03:57:34 CEST.

Flavor Version Tinstall Tcheck Ttotal Status Flags
r-devel-linux-x86_64-debian-clang 0.3-1 11.72 87.03 98.75 NOTE
r-devel-linux-x86_64-debian-gcc 0.3-1 7.37 67.92 75.29 NOTE
r-devel-linux-x86_64-fedora-clang 0.3-1 121.86 NOTE
r-devel-linux-x86_64-fedora-gcc 0.3-1 118.21 NOTE
r-devel-windows-x86_64 0.3-1 9.00 86.00 95.00 NOTE
r-patched-linux-x86_64 0.3-1 NOTE
r-release-linux-x86_64 0.3-1 10.17 87.76 97.93 NOTE
r-release-macos-arm64 0.3-1 42.00 NOTE
r-release-macos-x86_64 0.3-1 62.00 NOTE
r-release-windows-x86_64 0.3-1 12.00 100.00 112.00 NOTE
r-oldrel-macos-arm64 0.3-1 52.00 OK
r-oldrel-macos-x86_64 0.3-1 50.00 OK
r-oldrel-windows-x86_64 0.3-1 12.00 97.00 109.00 OK

Check Details

Version: 0.3-1
Check: Rd files
Result: NOTE
    checkRd: (-1) glmc.Rd:232: Escaped LaTeX specials: \&
    checkRd: (-1) glmc.Rd:241: Escaped LaTeX specials: \&
    checkRd: (-1) glmc.control.Rd:29: Escaped LaTeX specials: \$
    checkRd: (-1) glmc.control.Rd:31: Escaped LaTeX specials: \$
    checkRd: (-1) glmc.summaries.Rd:79: Escaped LaTeX specials: \&
Flavors: r-devel-linux-x86_64-debian-clang, r-devel-linux-x86_64-debian-gcc, r-devel-linux-x86_64-fedora-clang, r-devel-linux-x86_64-fedora-gcc, r-devel-windows-x86_64, r-patched-linux-x86_64, r-release-linux-x86_64, r-release-macos-arm64, r-release-macos-x86_64, r-release-windows-x86_64